CRAN Package Check Results for Package ltsspca

Last updated on 2020-07-15 02:46:54 CEST.

Flavor Version Tinstall Tcheck Ttotal Status Flags
r-devel-linux-x86_64-debian-clang 0.1.0 89.86 153.60 243.46 OK
r-devel-linux-x86_64-debian-gcc 0.1.0 70.38 115.91 186.29 OK
r-devel-linux-x86_64-fedora-clang 0.1.0 326.30 NOTE
r-devel-linux-x86_64-fedora-gcc 0.1.0 309.83 OK
r-devel-windows-ix86+x86_64 0.1.0 221.00 249.00 470.00 OK
r-patched-linux-x86_64 0.1.0 75.82 152.89 228.71 OK
r-patched-solaris-x86 0.1.0 393.00 OK
r-release-linux-x86_64 0.1.0 72.00 155.00 227.00 OK
r-release-macos-x86_64 0.1.0 ERROR
r-release-windows-ix86+x86_64 0.1.0 226.00 197.00 423.00 OK
r-oldrel-macos-x86_64 0.1.0 OK
r-oldrel-windows-ix86+x86_64 0.1.0 205.00 241.00 446.00 OK

Check Details

Version: 0.1.0
Check: installed package size
Result: NOTE
     installed size is 6.5Mb
     sub-directories of 1Mb or more:
     libs 6.0Mb
Flavor: r-devel-linux-x86_64-fedora-clang

Version: 0.1.0
Check: whether package can be installed
Result: ERROR
    Installation failed.
Flavor: r-release-macos-x86_64