CRAN Package Check Results for Package ltsspca

Last updated on 2019-12-15 01:50:28 CET.

Flavor Version Tinstall Tcheck Ttotal Status Flags
r-devel-linux-x86_64-debian-clang 0.1.0 90.58 164.94 255.52 OK
r-devel-linux-x86_64-debian-gcc 0.1.0 61.31 120.12 181.43 OK
r-devel-linux-x86_64-fedora-clang 0.1.0 320.57 NOTE
r-devel-linux-x86_64-fedora-gcc 0.1.0 299.71 OK
r-devel-windows-ix86+x86_64 0.1.0 169.00 249.00 418.00 OK
r-devel-windows-ix86+x86_64-gcc8 0.1.0 173.00 267.00 440.00 OK
r-patched-linux-x86_64 0.1.0 71.17 147.78 218.95 OK
r-patched-solaris-x86 0.1.0 397.00 OK
r-release-linux-x86_64 0.1.0 68.30 146.91 215.21 OK
r-release-windows-ix86+x86_64 0.1.0 158.00 187.00 345.00 OK
r-release-osx-x86_64 0.1.0 OK
r-oldrel-windows-ix86+x86_64 0.1.0 149.00 170.00 319.00 OK
r-oldrel-osx-x86_64 0.1.0 OK

Check Details

Version: 0.1.0
Check: installed package size
Result: NOTE
     installed size is 5.7Mb
     sub-directories of 1Mb or more:
     libs 5.2Mb
Flavor: r-devel-linux-x86_64-fedora-clang