CRAN Package Check Results for Package ludic

Last updated on 2020-09-23 04:00:02 CEST.

Flavor Version Tinstall Tcheck Ttotal Status Flags
r-devel-linux-x86_64-debian-clang 0.1.8 100.80 115.89 216.69 OK
r-devel-linux-x86_64-debian-gcc 0.1.8 74.21 92.90 167.11 OK
r-devel-linux-x86_64-fedora-clang 0.1.8 292.00 NOTE
r-devel-linux-x86_64-fedora-gcc 0.1.8 293.33 OK
r-devel-windows-ix86+x86_64 0.1.8 226.00 201.00 427.00 OK
r-patched-linux-x86_64 0.1.8 74.92 113.46 188.38 OK
r-patched-solaris-x86 0.1.8 326.40 OK
r-release-linux-x86_64 0.1.8 78.73 113.44 192.17 OK
r-release-macos-x86_64 0.1.8 NOTE
r-release-windows-ix86+x86_64 0.1.8 207.00 192.00 399.00 OK
r-oldrel-macos-x86_64 0.1.8 NOTE
r-oldrel-windows-ix86+x86_64 0.1.8 155.00 194.00 349.00 OK

Check Details

Version: 0.1.8
Check: installed package size
Result: NOTE
     installed size is 6.3Mb
     sub-directories of 1Mb or more:
     data 2.1Mb
     libs 4.0Mb
Flavors: r-devel-linux-x86_64-fedora-clang, r-release-macos-x86_64, r-oldrel-macos-x86_64