Last updated on 2021-03-03 01:48:48 CET.
Flavor | Version | Tinstall | Tcheck | Ttotal | Status | Flags |
---|---|---|---|---|---|---|
r-devel-linux-x86_64-debian-clang | 0.3.1 | OK | ||||
r-devel-linux-x86_64-debian-gcc | 0.3.1 | 20.30 | 42.54 | 62.84 | OK | |
r-devel-linux-x86_64-fedora-clang | 0.3.1 | 113.50 | OK | |||
r-devel-linux-x86_64-fedora-gcc | 0.3.1 | 99.34 | OK | |||
r-devel-windows-ix86+x86_64 | 0.3.1 | 55.00 | 147.00 | 202.00 | NOTE | |
r-patched-linux-x86_64 | 0.3.1 | 24.32 | 52.07 | 76.39 | OK | |
r-patched-solaris-x86 | 0.3.1 | 149.70 | OK | |||
r-release-linux-x86_64 | 0.3.1 | 22.77 | 51.73 | 74.50 | OK | |
r-release-macos-x86_64 | 0.3.1 | NOTE | ||||
r-release-windows-ix86+x86_64 | 0.3.1 | 38.00 | 135.00 | 173.00 | NOTE | |
r-oldrel-macos-x86_64 | 0.3.1 | OK | ||||
r-oldrel-windows-ix86+x86_64 | 0.3.1 | 61.00 | 125.00 | 186.00 | NOTE |
Version: 0.3.1
Check: installed package size
Result: NOTE
installed size is 6.4Mb
sub-directories of 1Mb or more:
R 4.0Mb
libs 2.1Mb
Flavors: r-devel-windows-ix86+x86_64, r-release-macos-x86_64, r-release-windows-ix86+x86_64, r-oldrel-windows-ix86+x86_64