CRAN Package Check Results for Package lwgeom

Last updated on 2020-08-11 01:54:40 CEST.

Flavor Version Tinstall Tcheck Ttotal Status Flags
r-devel-linux-x86_64-debian-clang 0.2-5 94.33 61.46 155.79 OK
r-devel-linux-x86_64-debian-gcc 0.2-5 78.61 46.79 125.40 OK
r-devel-linux-x86_64-fedora-clang 0.2-5 216.20 OK
r-devel-linux-x86_64-fedora-gcc 0.2-5 209.89 OK
r-devel-windows-ix86+x86_64 0.2-5 261.00 202.00 463.00 NOTE
r-patched-linux-x86_64 0.2-5 77.29 59.88 137.17 OK
r-patched-solaris-x86 0.2-5 199.60 OK
r-release-linux-x86_64 0.2-5 76.80 60.46 137.26 OK
r-release-macos-x86_64 0.2-5 NOTE
r-release-windows-ix86+x86_64 0.2-5 320.00 196.00 516.00 NOTE
r-oldrel-macos-x86_64 0.2-5 NOTE
r-oldrel-windows-ix86+x86_64 0.2-5 238.00 156.00 394.00 NOTE

Check Details

Version: 0.2-5
Check: installed package size
Result: NOTE
     installed size is 12.4Mb
     sub-directories of 1Mb or more:
     libs 12.2Mb
Flavors: r-devel-windows-ix86+x86_64, r-release-macos-x86_64, r-release-windows-ix86+x86_64, r-oldrel-macos-x86_64, r-oldrel-windows-ix86+x86_64