CRAN Package Check Results for Package lymphclon

Last updated on 2020-09-26 02:09:19 CEST.

Flavor Version Tinstall Tcheck Ttotal Status Flags
r-devel-linux-x86_64-debian-clang 1.3.0 6.24 61.12 67.36 NOTE
r-devel-linux-x86_64-debian-gcc 1.3.0 6.15 46.86 53.01 NOTE
r-devel-linux-x86_64-fedora-clang 1.3.0 91.32 NOTE
r-devel-linux-x86_64-fedora-gcc 1.3.0 85.22 NOTE
r-devel-windows-ix86+x86_64 1.3.0 16.00 82.00 98.00 NOTE
r-patched-linux-x86_64 1.3.0 6.37 57.18 63.55 NOTE
r-patched-solaris-x86 1.3.0 120.90 NOTE
r-release-linux-x86_64 1.3.0 8.22 57.41 65.63 NOTE
r-release-macos-x86_64 1.3.0 NOTE
r-release-windows-ix86+x86_64 1.3.0 16.00 83.00 99.00 NOTE
r-oldrel-macos-x86_64 1.3.0 NOTE
r-oldrel-windows-ix86+x86_64 1.3.0 14.00 77.00 91.00 NOTE

Check Details

Version: 1.3.0
Check: R code for possible problems
Result: NOTE
    generate.clonal.data : pcr.rpareto.func: no visible global function
     definition for 'runif'
    generate.clonal.data : get.readcount.given.cellcount: no visible global
     function definition for 'rlnorm'
    generate.clonal.data: no visible global function definition for
     'rmultinom'
    generate.clonal.data: no visible global function definition for 'rpois'
    infer.clonality: no visible global function definition for 'cov'
    infer.clonality: no visible global function definition for
     'capture.output'
    Undefined global functions or variables:
     capture.output cov rlnorm rmultinom rpois runif
    Consider adding
     importFrom("stats", "cov", "rlnorm", "rmultinom", "rpois", "runif")
     importFrom("utils", "capture.output")
    to your NAMESPACE file.
Flavors: r-devel-linux-x86_64-debian-clang, r-devel-linux-x86_64-debian-gcc, r-devel-linux-x86_64-fedora-clang, r-devel-linux-x86_64-fedora-gcc, r-devel-windows-ix86+x86_64, r-patched-linux-x86_64, r-patched-solaris-x86, r-release-linux-x86_64, r-release-macos-x86_64, r-release-windows-ix86+x86_64, r-oldrel-macos-x86_64, r-oldrel-windows-ix86+x86_64