CRAN Package Check Results for Package lymphclon

Last updated on 2020-02-17 00:49:16 CET.

Flavor Version Tinstall Tcheck Ttotal Status Flags
r-devel-linux-x86_64-debian-clang 1.3.0 7.38 57.83 65.21 NOTE
r-devel-linux-x86_64-debian-gcc 1.3.0 6.49 46.25 52.74 NOTE
r-devel-linux-x86_64-fedora-clang 1.3.0 82.06 NOTE
r-devel-linux-x86_64-fedora-gcc 1.3.0 79.66 NOTE
r-devel-windows-ix86+x86_64 1.3.0 13.00 74.00 87.00 NOTE
r-devel-windows-ix86+x86_64-gcc8 1.3.0 18.00 94.00 112.00 NOTE
r-patched-linux-x86_64 1.3.0 5.81 51.64 57.45 NOTE
r-patched-solaris-x86 1.3.0 111.50 NOTE
r-release-linux-x86_64 1.3.0 6.84 51.22 58.06 NOTE
r-release-windows-ix86+x86_64 1.3.0 11.00 65.00 76.00 NOTE
r-release-osx-x86_64 1.3.0 NOTE
r-oldrel-windows-ix86+x86_64 1.3.0 6.00 92.00 98.00 NOTE
r-oldrel-osx-x86_64 1.3.0 NOTE

Check Details

Version: 1.3.0
Check: R code for possible problems
Result: NOTE
    generate.clonal.data : pcr.rpareto.func: no visible global function
     definition for 'runif'
    generate.clonal.data : get.readcount.given.cellcount: no visible global
     function definition for 'rlnorm'
    generate.clonal.data: no visible global function definition for
     'rmultinom'
    generate.clonal.data: no visible global function definition for 'rpois'
    infer.clonality: no visible global function definition for 'cov'
    infer.clonality: no visible global function definition for
     'capture.output'
    Undefined global functions or variables:
     capture.output cov rlnorm rmultinom rpois runif
    Consider adding
     importFrom("stats", "cov", "rlnorm", "rmultinom", "rpois", "runif")
     importFrom("utils", "capture.output")
    to your NAMESPACE file.
Flavors: r-devel-linux-x86_64-debian-clang, r-devel-linux-x86_64-debian-gcc, r-devel-linux-x86_64-fedora-clang, r-devel-linux-x86_64-fedora-gcc, r-devel-windows-ix86+x86_64, r-devel-windows-ix86+x86_64-gcc8, r-patched-linux-x86_64, r-patched-solaris-x86, r-release-linux-x86_64, r-release-windows-ix86+x86_64, r-release-osx-x86_64, r-oldrel-windows-ix86+x86_64, r-oldrel-osx-x86_64