CRAN Package Check Results for Package mDAG

Last updated on 2022-06-28 01:51:36 CEST.

Flavor Version Tinstall Tcheck Ttotal Status Flags
r-devel-linux-x86_64-debian-clang 1.2.2 48.50 170.23 218.73 OK
r-devel-linux-x86_64-debian-gcc 1.2.2 45.23 126.21 171.44 OK
r-devel-linux-x86_64-fedora-clang 1.2.2 283.53 WARN
r-devel-linux-x86_64-fedora-gcc 1.2.2 276.73 WARN
r-devel-windows-x86_64 1.2.2 50.00 201.00 251.00 OK
r-patched-linux-x86_64 1.2.2 48.23 160.41 208.64 OK
r-release-linux-x86_64 1.2.2 43.84 160.62 204.46 OK
r-release-macos-arm64 1.2.2 76.00 OK
r-release-macos-x86_64 1.2.2 119.00 OK
r-release-windows-x86_64 1.2.2 52.00 195.00 247.00 OK
r-oldrel-macos-arm64 1.2.2 89.00 OK
r-oldrel-macos-x86_64 1.2.2 118.00 OK
r-oldrel-windows-ix86+x86_64 1.2.2 126.00 251.00 377.00 OK

Check Details

Version: 1.2.2
Check: package dependencies
Result: WARN
    Requires (indirectly) orphaned package: ‘gtools’
Flavors: r-devel-linux-x86_64-fedora-clang, r-devel-linux-x86_64-fedora-gcc