CRAN Package Check Results for Package maddison

Last updated on 2019-10-16 02:46:43 CEST.

Flavor Version Tinstall Tcheck Ttotal Status Flags
r-devel-linux-x86_64-debian-clang 0.1 2.06 20.18 22.24 NOTE
r-devel-linux-x86_64-debian-gcc 0.1 1.76 16.34 18.10 NOTE
r-devel-linux-x86_64-fedora-clang 0.1 28.96 OK
r-devel-linux-x86_64-fedora-gcc 0.1 27.78 OK
r-devel-windows-ix86+x86_64 0.1 7.00 50.00 57.00 NOTE
r-patched-linux-x86_64 0.1 1.82 19.57 21.39 OK
r-patched-solaris-x86 0.1 42.90 OK
r-release-linux-x86_64 0.1 1.82 19.80 21.62 OK
r-release-windows-ix86+x86_64 0.1 6.00 50.00 56.00 OK
r-release-osx-x86_64 0.1 OK
r-oldrel-windows-ix86+x86_64 0.1 3.00 31.00 34.00 OK
r-oldrel-osx-x86_64 0.1 OK

Check Details

Version: 0.1
Check: package vignettes
Result: NOTE
    Package vignette with placeholder title 'Vignette Title':
     'maddison_project_database.Rmd'
Flavors: r-devel-linux-x86_64-debian-clang, r-devel-linux-x86_64-debian-gcc, r-devel-windows-ix86+x86_64