Last updated on 2023-09-22 07:57:36 CEST.
Flavor | Version | Tinstall | Tcheck | Ttotal | Status | Flags |
---|---|---|---|---|---|---|
r-devel-linux-x86_64-debian-clang | 1.2.2 | 366.74 | 145.97 | 512.71 | OK | |
r-devel-linux-x86_64-debian-gcc | 1.2.2 | 261.40 | 105.44 | 366.84 | OK | |
r-devel-linux-x86_64-fedora-clang | 1.2.2 | 791.79 | OK | |||
r-devel-linux-x86_64-fedora-gcc | 1.2.2 | 869.77 | OK | |||
r-devel-windows-x86_64 | 1.2.2 | 283.00 | 175.00 | 458.00 | OK | |
r-patched-linux-x86_64 | 1.2.2 | 362.36 | 142.23 | 504.59 | OK | |
r-release-linux-x86_64 | 1.2.2 | 390.36 | 142.44 | 532.80 | OK | |
r-release-macos-arm64 | 1.2.2 | 183.00 | NOTE | |||
r-release-macos-x86_64 | 1.2.2 | 200.00 | NOTE | |||
r-release-windows-x86_64 | 1.2.2 | 359.00 | 184.00 | 543.00 | OK | |
r-oldrel-macos-arm64 | 1.2.2 | 171.00 | NOTE | |||
r-oldrel-macos-x86_64 | 1.2.2 | 215.00 | NOTE | |||
r-oldrel-windows-x86_64 | 1.2.2 | 333.00 | 183.00 | 516.00 | OK |
Version: 1.2.2
Check: installed package size
Result: NOTE
installed size is 26.5Mb
sub-directories of 1Mb or more:
libs 25.1Mb
Flavors: r-release-macos-arm64, r-release-macos-x86_64, r-oldrel-macos-arm64, r-oldrel-macos-x86_64