CRAN Package Check Results for Package mailmerge

Last updated on 2022-01-22 01:49:49 CET.

Flavor Version Tinstall Tcheck Ttotal Status Flags
r-devel-linux-x86_64-debian-clang 0.2.3 4.95 72.64 77.59 OK
r-devel-linux-x86_64-debian-gcc 0.2.3 5.44 54.57 60.01 OK
r-devel-linux-x86_64-fedora-clang 0.2.3 96.11 NOTE
r-devel-linux-x86_64-fedora-gcc 0.2.3 81.65 NOTE
r-devel-windows-x86_64-new-UL 0.2.3 42.00 112.00 154.00 OK
r-devel-windows-x86_64-new-TK 0.2.3 NOTE
r-patched-linux-x86_64 0.2.3 5.64 67.11 72.75 OK
r-release-linux-x86_64 0.2.3 4.11 67.01 71.12 OK
r-release-macos-arm64 0.2.3 NOTE
r-release-macos-x86_64 0.2.3 NOTE
r-release-windows-ix86+x86_64 0.2.3 16.00 88.00 104.00 OK
r-oldrel-macos-x86_64 0.2.3 NOTE
r-oldrel-windows-ix86+x86_64 0.2.3 16.00 92.00 108.00 OK

Check Details

Version: 0.2.3
Check: dependencies in R code
Result: NOTE
    Namespaces in Imports field not imported from:
     ‘dplyr’ ‘googlesheets4’ ‘lifecycle’ ‘withr’
     All declared Imports should be used.
Flavors: r-devel-linux-x86_64-fedora-clang, r-devel-linux-x86_64-fedora-gcc, r-devel-windows-x86_64-new-TK, r-release-macos-arm64, r-release-macos-x86_64, r-oldrel-macos-x86_64