Last updated on 2023-02-06 00:52:35 CET.
Flavor | Version | Tinstall | Tcheck | Ttotal | Status | Flags |
---|---|---|---|---|---|---|
r-devel-linux-x86_64-debian-clang | 1.1.0 | 23.22 | 182.04 | 205.26 | NOTE | |
r-devel-linux-x86_64-debian-gcc | 1.1.0 | 14.95 | 135.28 | 150.23 | NOTE | |
r-devel-linux-x86_64-fedora-clang | 1.1.0 | 253.48 | OK | |||
r-devel-linux-x86_64-fedora-gcc | 1.1.0 | 251.01 | OK | |||
r-devel-windows-x86_64 | 1.1.0 | 100.00 | 206.00 | 306.00 | ERROR | |
r-patched-linux-x86_64 | 1.1.0 | 20.80 | 175.76 | 196.56 | NOTE | |
r-release-linux-x86_64 | 1.1.0 | 20.29 | 160.92 | 181.21 | NOTE | |
r-release-macos-arm64 | 1.1.0 | 79.00 | NOTE | |||
r-release-macos-x86_64 | 1.1.0 | 130.00 | NOTE | |||
r-release-windows-x86_64 | 1.1.0 | 101.00 | 230.00 | 331.00 | NOTE | |
r-oldrel-macos-arm64 | 1.1.0 | 77.00 | NOTE | |||
r-oldrel-macos-x86_64 | 1.1.0 | 124.00 | NOTE | |||
r-oldrel-windows-ix86+x86_64 | 1.1.0 | 41.00 | 205.00 | 246.00 | OK |
Version: 1.1.0
Check: package dependencies
Result: NOTE
Package suggested but not available for checking: ‘INLA’
Flavors: r-devel-linux-x86_64-debian-clang, r-devel-linux-x86_64-debian-gcc, r-devel-windows-x86_64, r-patched-linux-x86_64, r-release-linux-x86_64, r-release-macos-arm64, r-release-macos-x86_64, r-release-windows-x86_64, r-oldrel-macos-arm64, r-oldrel-macos-x86_64
Version: 1.1.0
Check: Rd cross-references
Result: NOTE
Package unavailable to check Rd xrefs: ‘INLA’
Flavors: r-devel-linux-x86_64-debian-clang, r-devel-linux-x86_64-debian-gcc, r-devel-windows-x86_64, r-patched-linux-x86_64, r-release-linux-x86_64, r-release-macos-arm64, r-release-macos-x86_64, r-release-windows-x86_64, r-oldrel-macos-arm64, r-oldrel-macos-x86_64
Version: 1.1.0
Check: PDF version of manual
Result: WARN
LaTeX errors when creating PDF version.
This typically indicates Rd problems.
Flavor: r-devel-windows-x86_64
Version: 1.1.0
Check: PDF version of manual without index
Result: ERROR
Re-running with no redirection of stdout/stderr.
Flavor: r-devel-windows-x86_64