Last updated on 2023-02-05 01:54:25 CET.
Flavor | Version | Tinstall | Tcheck | Ttotal | Status | Flags |
---|---|---|---|---|---|---|
r-devel-linux-x86_64-debian-clang | 0.2.1 | 7.30 | 52.41 | 59.71 | OK | |
r-devel-linux-x86_64-debian-gcc | 0.2.1 | 7.16 | 40.40 | 47.56 | OK | |
r-devel-linux-x86_64-fedora-clang | 0.2.1 | 76.61 | NOTE | |||
r-devel-linux-x86_64-fedora-gcc | 0.2.1 | 85.86 | NOTE | |||
r-devel-windows-x86_64 | 0.2.1 | 12.00 | 91.00 | 103.00 | OK | |
r-patched-linux-x86_64 | 0.2.1 | 7.43 | 50.16 | 57.59 | OK | |
r-release-linux-x86_64 | 0.2.1 | 5.06 | 49.26 | 54.32 | OK | |
r-release-macos-arm64 | 0.2.1 | 33.00 | NOTE | |||
r-release-macos-x86_64 | 0.2.1 | 37.00 | NOTE | |||
r-release-windows-x86_64 | 0.2.1 | 34.00 | 94.00 | 128.00 | OK | |
r-oldrel-macos-arm64 | 0.2.1 | 32.00 | NOTE | |||
r-oldrel-macos-x86_64 | 0.2.1 | 40.00 | NOTE | |||
r-oldrel-windows-ix86+x86_64 | 0.2.1 | 16.00 | 81.00 | 97.00 | OK |
Version: 0.2.1
Check: dependencies in R code
Result: NOTE
Namespaces in Imports field not imported from:
‘cli’ ‘nomnoml’
All declared Imports should be used.
Flavors: r-devel-linux-x86_64-fedora-clang, r-devel-linux-x86_64-fedora-gcc, r-release-macos-arm64, r-release-macos-x86_64, r-oldrel-macos-arm64, r-oldrel-macos-x86_64