Last updated on 2022-06-25 01:49:04 CEST.
Flavor | Version | Tinstall | Tcheck | Ttotal | Status | Flags |
---|---|---|---|---|---|---|
r-devel-linux-x86_64-debian-clang | 1.0.1 | 8.17 | 134.04 | 142.21 | NOTE | |
r-devel-linux-x86_64-debian-gcc | 1.0.1 | 7.70 | 99.66 | 107.36 | NOTE | |
r-devel-linux-x86_64-fedora-clang | 1.0.1 | 173.80 | NOTE | |||
r-devel-linux-x86_64-fedora-gcc | 1.0.1 | 171.51 | NOTE | |||
r-devel-windows-x86_64 | 1.0.1 | 73.00 | 245.00 | 318.00 | NOTE | |
r-patched-linux-x86_64 | 1.0.1 | 11.78 | 125.75 | 137.53 | NOTE | |
r-release-linux-x86_64 | 1.0.1 | 7.73 | 126.93 | 134.66 | NOTE | |
r-release-macos-arm64 | 1.0.1 | 104.00 | NOTE | |||
r-release-macos-x86_64 | 1.0.1 | 148.00 | NOTE | |||
r-release-windows-x86_64 | 1.0.1 | 73.00 | 243.00 | 316.00 | NOTE | |
r-oldrel-macos-arm64 | 1.0.1 | 952.00 | NOTE | |||
r-oldrel-macos-x86_64 | 1.0.1 | 59.00 | NOTE | |||
r-oldrel-windows-ix86+x86_64 | 1.0.1 | 18.00 | 231.00 | 249.00 | NOTE |
Version: 1.0.1
Check: LazyData
Result: NOTE
'LazyData' is specified without a 'data' directory
Flavors: r-devel-linux-x86_64-debian-clang, r-devel-linux-x86_64-debian-gcc, r-devel-linux-x86_64-fedora-clang, r-devel-linux-x86_64-fedora-gcc, r-devel-windows-x86_64, r-patched-linux-x86_64, r-release-linux-x86_64, r-release-macos-arm64, r-release-macos-x86_64, r-release-windows-x86_64, r-oldrel-macos-arm64, r-oldrel-macos-x86_64, r-oldrel-windows-ix86+x86_64
Version: 1.0.1
Check: dependencies in R code
Result: NOTE
Namespace in Imports field not imported from: ‘grid’
All declared Imports should be used.
Flavors: r-devel-linux-x86_64-fedora-clang, r-devel-linux-x86_64-fedora-gcc, r-release-macos-arm64, r-release-macos-x86_64, r-oldrel-macos-arm64, r-oldrel-macos-x86_64