CRAN Package Check Results for Package manifestoR

Last updated on 2021-11-28 00:48:51 CET.

Flavor Version Tinstall Tcheck Ttotal Status Flags
r-devel-linux-x86_64-debian-clang 1.5.0 NOTE
r-devel-linux-x86_64-debian-gcc 1.5.0 7.86 53.91 61.77 NOTE
r-devel-linux-x86_64-fedora-clang 1.5.0 109.24 NOTE
r-devel-linux-x86_64-fedora-gcc 1.5.0 95.55 NOTE
r-devel-windows-x86_64-new-UL 1.5.0 25.00 114.00 139.00 NOTE
r-devel-windows-x86_64-new-TK 1.5.0 NOTE
r-devel-windows-x86_64-old 1.5.0 12.00 94.00 106.00 NOTE
r-patched-linux-x86_64 1.5.0 13.57 66.22 79.79 NOTE
r-patched-solaris-x86 1.5.0 129.10 NOTE
r-release-linux-x86_64 1.5.0 NOTE
r-release-macos-arm64 1.5.0 NOTE
r-release-macos-x86_64 1.5.0 NOTE
r-release-windows-ix86+x86_64 1.5.0 20.00 69.00 89.00 NOTE
r-oldrel-macos-x86_64 1.5.0 OK
r-oldrel-windows-ix86+x86_64 1.5.0 27.00 93.00 120.00 OK

Check Details

Version: 1.5.0
Check: LazyData
Result: NOTE
     'LazyData' is specified without a 'data' directory
Flavors: r-devel-linux-x86_64-debian-clang, r-devel-linux-x86_64-debian-gcc, r-devel-linux-x86_64-fedora-clang, r-devel-linux-x86_64-fedora-gcc, r-devel-windows-x86_64-new-UL, r-devel-windows-x86_64-new-TK, r-devel-windows-x86_64-old, r-patched-linux-x86_64, r-patched-solaris-x86, r-release-linux-x86_64, r-release-macos-arm64, r-release-macos-x86_64, r-release-windows-ix86+x86_64