CRAN Package Check Results for Package manipulateWidget

Last updated on 2020-10-01 01:48:43 CEST.

Flavor Version Tinstall Tcheck Ttotal Status Flags
r-devel-linux-x86_64-debian-clang 0.10.1 5.72 57.19 62.91 OK
r-devel-linux-x86_64-debian-gcc 0.10.1 5.35 43.92 49.27 OK
r-devel-linux-x86_64-fedora-clang 0.10.1 83.64 OK
r-devel-linux-x86_64-fedora-gcc 0.10.1 83.30 OK
r-devel-windows-ix86+x86_64 0.10.1 12.00 77.00 89.00 OK
r-patched-linux-x86_64 0.10.1 5.87 54.02 59.89 OK
r-patched-solaris-x86 0.10.1 110.00 WARN
r-release-linux-x86_64 0.10.1 5.80 53.85 59.65 OK
r-release-macos-x86_64 0.10.1 WARN
r-release-windows-ix86+x86_64 0.10.1 15.00 84.00 99.00 OK
r-oldrel-macos-x86_64 0.10.1 WARN
r-oldrel-windows-ix86+x86_64 0.10.1 10.00 77.00 87.00 OK

Check Details

Version: 0.10.1
Check: re-building of vignette outputs
Result: WARN
    Error(s) in re-building vignettes:
     ...
    --- re-building ‘manipulateWidgets.Rmd’ using rmarkdown
    Warning in engine$weave(file, quiet = quiet, encoding = enc) :
     Pandoc (>= 1.12.3) and/or pandoc-citeproc not available. Falling back to R Markdown v1.
    Warning in normalizePath(f2) :
     path[1]="webshot2d5553cd5853.png": No such file or directory
    Warning in file(con, "rb") :
     cannot open file 'webshot2d5553cd5853.png': No such file or directory
    Quitting from lines 61-68 (manipulateWidgets.Rmd)
    Error: processing vignette 'manipulateWidgets.Rmd' failed with diagnostics:
    cannot open the connection
    --- failed re-building ‘manipulateWidgets.Rmd’
    
    SUMMARY: processing the following file failed:
     ‘manipulateWidgets.Rmd’
    
    Error: Vignette re-building failed.
    Execution halted
Flavor: r-patched-solaris-x86

Version: 0.10.1
Check: re-building of vignette outputs
Result: WARN
    Error(s) in re-building vignettes:
     ...
    --- re-building ‘manipulateWidgets.Rmd’ using rmarkdown
    Warning in engine$weave(file, quiet = quiet, encoding = enc) :
     Pandoc (>= 1.12.3) and/or pandoc-citeproc not available. Falling back to R Markdown v1.
    Warning in normalizePath(f2) :
     path[1]="webshot12cb234a35ec4.png": No such file or directory
    Warning in file(con, "rb") :
     cannot open file 'webshot12cb234a35ec4.png': No such file or directory
    Quitting from lines 61-68 (manipulateWidgets.Rmd)
    Error: processing vignette 'manipulateWidgets.Rmd' failed with diagnostics:
    cannot open the connection
    --- failed re-building ‘manipulateWidgets.Rmd’
    
    SUMMARY: processing the following file failed:
     ‘manipulateWidgets.Rmd’
    
    Error: Vignette re-building failed.
    Execution halted
Flavor: r-release-macos-x86_64

Version: 0.10.1
Check: re-building of vignette outputs
Result: WARN
    Error(s) in re-building vignettes:
     ...
    --- re-building ‘manipulateWidgets.Rmd’ using rmarkdown
    Warning in engine$weave(file, quiet = quiet, encoding = enc) :
     Pandoc (>= 1.12.3) and/or pandoc-citeproc not available. Falling back to R Markdown v1.
    Warning in normalizePath(f2) :
     path[1]="webshot9723ea5db42.png": No such file or directory
    Warning in file(con, "rb") :
     cannot open file 'webshot9723ea5db42.png': No such file or directory
    Quitting from lines 61-68 (manipulateWidgets.Rmd)
    Error: processing vignette 'manipulateWidgets.Rmd' failed with diagnostics:
    cannot open the connection
    --- failed re-building ‘manipulateWidgets.Rmd’
    
    SUMMARY: processing the following file failed:
     ‘manipulateWidgets.Rmd’
    
    Error: Vignette re-building failed.
    Execution halted
Flavor: r-oldrel-macos-x86_64