CRAN Package Check Results for Package maotai

Last updated on 2020-07-15 02:46:54 CEST.

Flavor Version Tinstall Tcheck Ttotal Status Flags
r-devel-linux-x86_64-debian-clang 0.1.6 81.80 89.96 171.76 OK
r-devel-linux-x86_64-debian-gcc 0.1.6 66.33 70.39 136.72 OK
r-devel-linux-x86_64-fedora-clang 0.1.6 232.14 OK
r-devel-linux-x86_64-fedora-gcc 0.1.6 230.10 OK
r-devel-windows-ix86+x86_64 0.1.6 211.00 208.00 419.00 OK
r-patched-linux-x86_64 0.1.6 67.95 89.53 157.48 OK
r-patched-solaris-x86 0.1.6 248.70 OK
r-release-linux-x86_64 0.1.6 69.66 91.37 161.03 OK
r-release-macos-x86_64 0.1.6 ERROR
r-release-windows-ix86+x86_64 0.1.6 207.00 159.00 366.00 OK
r-oldrel-macos-x86_64 0.1.6 WARN
r-oldrel-windows-ix86+x86_64 0.1.6 191.00 193.00 384.00 OK

Check Details

Version: 0.1.6
Check: whether package can be installed
Result: ERROR
    Installation failed.
Flavor: r-release-macos-x86_64

Version: 0.1.6
Check: whether package can be installed
Result: WARN
    Found the following significant warnings:
     Warning: 'rgl.init' failed, running with 'rgl.useNULL = TRUE'.
Flavor: r-oldrel-macos-x86_64

Version: 0.1.6
Check: Rd files
Result: WARN
    prepare_Rd: RGL: unable to open X11 display
    prepare_Rd: 'rgl.init' failed, running with 'rgl.useNULL = TRUE'.
Flavor: r-oldrel-macos-x86_64