CRAN Package Check Results for Package mapdata

Last updated on 2020-08-13 01:55:12 CEST.

Flavor Version Tinstall Tcheck Ttotal Status Flags
r-devel-linux-x86_64-debian-clang 2.3.0 17.02 21.85 38.87 OK
r-devel-linux-x86_64-debian-gcc 2.3.0 12.52 17.35 29.87 OK
r-devel-linux-x86_64-fedora-clang 2.3.0 54.87 NOTE
r-devel-linux-x86_64-fedora-gcc 2.3.0 44.97 OK
r-devel-windows-ix86+x86_64 2.3.0 77.00 47.00 124.00 NOTE
r-patched-linux-x86_64 2.3.0 16.15 21.90 38.05 OK
r-patched-solaris-x86 2.3.0 71.70 NOTE
r-release-linux-x86_64 2.3.0 15.74 21.65 37.39 OK
r-release-macos-x86_64 2.3.0 NOTE
r-release-windows-ix86+x86_64 2.3.0 68.00 35.00 103.00 NOTE
r-oldrel-macos-x86_64 2.3.0 NOTE
r-oldrel-windows-ix86+x86_64 2.3.0 69.00 29.00 98.00 NOTE

Check Details

Version: 2.3.0
Check: installed package size
Result: NOTE
     installed size is 33.5Mb
     sub-directories of 1Mb or more:
     mapdata 33.4Mb
Flavors: r-devel-linux-x86_64-fedora-clang, r-devel-windows-ix86+x86_64, r-patched-solaris-x86, r-release-macos-x86_64, r-release-windows-ix86+x86_64, r-oldrel-macos-x86_64, r-oldrel-windows-ix86+x86_64