Last updated on 2022-08-15 02:53:46 CEST.
Flavor | Version | Tinstall | Tcheck | Ttotal | Status | Flags |
---|---|---|---|---|---|---|
r-devel-linux-x86_64-debian-clang | 0.3.4 | 311.77 | 64.66 | 376.43 | OK | |
r-devel-linux-x86_64-debian-gcc | 0.3.4 | 292.89 | 48.92 | 341.81 | OK | |
r-devel-linux-x86_64-fedora-clang | 0.3.4 | 529.46 | NOTE | |||
r-devel-linux-x86_64-fedora-gcc | 0.3.4 | 581.94 | OK | |||
r-devel-windows-x86_64 | 0.3.4 | 245.00 | 136.00 | 381.00 | NOTE | |
r-patched-linux-x86_64 | 0.3.4 | 308.61 | 60.68 | 369.29 | OK | |
r-release-linux-x86_64 | 0.3.4 | 323.30 | 60.98 | 384.28 | OK | |
r-release-macos-arm64 | 0.3.4 | 123.00 | NOTE | |||
r-release-macos-x86_64 | 0.3.4 | 205.00 | NOTE | |||
r-release-windows-x86_64 | 0.3.4 | 257.00 | 134.00 | 391.00 | NOTE | |
r-oldrel-macos-arm64 | 0.3.4 | 136.00 | NOTE | |||
r-oldrel-macos-x86_64 | 0.3.4 | 168.00 | NOTE | |||
r-oldrel-windows-ix86+x86_64 | 0.3.4 | 664.00 | 137.00 | 801.00 | NOTE |
Version: 0.3.4
Check: installed package size
Result: NOTE
installed size is 25.8Mb
sub-directories of 1Mb or more:
data 1.3Mb
doc 1.6Mb
htmlwidgets 2.3Mb
libs 20.2Mb
Flavors: r-devel-linux-x86_64-fedora-clang, r-devel-windows-x86_64, r-release-macos-arm64, r-release-macos-x86_64, r-release-windows-x86_64, r-oldrel-macos-arm64, r-oldrel-macos-x86_64, r-oldrel-windows-ix86+x86_64