Last updated on 2023-10-01 08:52:03 CEST.
Flavor | Version | Tinstall | Tcheck | Ttotal | Status | Flags |
---|---|---|---|---|---|---|
r-devel-linux-x86_64-debian-clang | 0.6.0 | 5.08 | 55.33 | 60.41 | NOTE | |
r-devel-linux-x86_64-debian-gcc | 0.6.0 | 4.58 | 42.36 | 46.94 | NOTE | |
r-devel-linux-x86_64-fedora-clang | 0.6.0 | 76.93 | NOTE | |||
r-devel-linux-x86_64-fedora-gcc | 0.6.0 | 80.06 | NOTE | |||
r-devel-windows-x86_64 | 0.6.0 | 7.00 | 63.00 | 70.00 | NOTE | |
r-patched-linux-x86_64 | 0.6.0 | 11.72 | 54.23 | 65.95 | NOTE | |
r-release-linux-x86_64 | 0.6.0 | 3.44 | 54.65 | 58.09 | NOTE | |
r-release-macos-arm64 | 0.6.0 | 29.00 | NOTE | |||
r-release-macos-x86_64 | 0.6.0 | 38.00 | NOTE | |||
r-release-windows-x86_64 | 0.6.0 | 8.00 | 68.00 | 76.00 | NOTE | |
r-oldrel-macos-arm64 | 0.6.0 | 23.00 | NOTE | |||
r-oldrel-macos-x86_64 | 0.6.0 | 41.00 | NOTE | |||
r-oldrel-windows-x86_64 | 0.6.0 | 9.00 | 73.00 | 82.00 | NOTE |
Version: 0.6.0
Check: package subdirectories
Result: NOTE
Problems with news in ‘NEWS.md’:
Cannot extract version info from the following section titles:
Bug Fixes
Flavors: r-devel-linux-x86_64-debian-clang, r-devel-linux-x86_64-debian-gcc, r-devel-linux-x86_64-fedora-clang, r-devel-linux-x86_64-fedora-gcc, r-devel-windows-x86_64, r-patched-linux-x86_64, r-release-linux-x86_64, r-release-macos-arm64, r-release-macos-x86_64, r-release-windows-x86_64
Version: 0.6.0
Check: LazyData
Result: NOTE
'LazyData' is specified without a 'data' directory
Flavors: r-devel-linux-x86_64-debian-clang, r-devel-linux-x86_64-debian-gcc, r-devel-linux-x86_64-fedora-clang, r-devel-linux-x86_64-fedora-gcc, r-devel-windows-x86_64, r-patched-linux-x86_64, r-release-linux-x86_64, r-release-macos-arm64, r-release-macos-x86_64, r-release-windows-x86_64, r-oldrel-macos-arm64, r-oldrel-macos-x86_64, r-oldrel-windows-x86_64