Last updated on 2023-11-28 07:53:07 CET.
Flavor | Version | Tinstall | Tcheck | Ttotal | Status | Flags |
---|---|---|---|---|---|---|
r-devel-linux-x86_64-debian-clang | 2.0.3 | 33.96 | 472.58 | 506.54 | OK | |
r-devel-linux-x86_64-debian-gcc | 2.0.3 | 24.10 | 351.08 | 375.18 | OK | |
r-devel-linux-x86_64-fedora-clang | 2.0.3 | 611.41 | NOTE | |||
r-devel-linux-x86_64-fedora-gcc | 2.0.3 | 691.11 | NOTE | |||
r-devel-windows-x86_64 | 2.0.3 | 22.00 | 365.00 | 387.00 | OK | |
r-patched-linux-x86_64 | 2.0.3 | 25.75 | 447.24 | 472.99 | OK | |
r-release-linux-x86_64 | 2.0.3 | 29.61 | 448.90 | 478.51 | OK | |
r-release-macos-arm64 | 2.0.3 | 288.00 | OK | |||
r-release-macos-x86_64 | 2.0.3 | 1185.00 | OK | |||
r-release-windows-x86_64 | 2.0.3 | 33.00 | 462.00 | 495.00 | OK | |
r-oldrel-macos-arm64 | 2.0.3 | 275.00 | OK | |||
r-oldrel-macos-x86_64 | 2.0.1 | 459.00 | OK | |||
r-oldrel-windows-x86_64 | 2.0.3 | 32.00 | 465.00 | 497.00 | OK |
Version: 2.0.3
Check: data for non-ASCII characters
Result: NOTE
Note: found 1 marked UTF-8 string
Flavors: r-devel-linux-x86_64-fedora-clang, r-devel-linux-x86_64-fedora-gcc