Last updated on 2019-12-05 00:51:59 CET.
Flavor | Version | Tinstall | Tcheck | Ttotal | Status | Flags |
---|---|---|---|---|---|---|
r-devel-linux-x86_64-debian-clang | 0.4.0 | 8.46 | 85.08 | 93.54 | OK | |
r-devel-linux-x86_64-debian-gcc | 0.4.0 | 7.10 | 65.39 | 72.49 | OK | |
r-devel-linux-x86_64-fedora-clang | 0.4.0 | 112.27 | NOTE | |||
r-devel-linux-x86_64-fedora-gcc | 0.4.0 | 105.10 | NOTE | |||
r-devel-windows-ix86+x86_64 | 0.4.0 | 26.00 | 166.00 | 192.00 | OK | |
r-devel-windows-ix86+x86_64-gcc8 | 0.4.0 | 33.00 | 237.00 | 270.00 | OK | |
r-patched-linux-x86_64 | 0.4.0 | 7.23 | 76.56 | 83.79 | OK | |
r-patched-solaris-x86 | 0.4.0 | 157.80 | NOTE | |||
r-release-linux-x86_64 | 0.4.0 | 8.09 | 80.64 | 88.73 | OK | |
r-release-windows-ix86+x86_64 | 0.4.0 | 19.00 | 113.00 | 132.00 | OK | |
r-release-osx-x86_64 | 0.4.0 | NOTE | ||||
r-oldrel-windows-ix86+x86_64 | 0.4.0 | 14.00 | 152.00 | 166.00 | OK | |
r-oldrel-osx-x86_64 | 0.4.0 | NOTE |
Version: 0.4.0
Check: data for non-ASCII characters
Result: NOTE
Note: found 164 marked UTF-8 strings
Flavors: r-devel-linux-x86_64-fedora-clang, r-devel-linux-x86_64-fedora-gcc, r-patched-solaris-x86, r-release-osx-x86_64, r-oldrel-osx-x86_64