CRAN Package Check Results for Package mapview

Last updated on 2020-02-27 00:52:33 CET.

Flavor Version Tinstall Tcheck Ttotal Status Flags
r-devel-linux-x86_64-debian-clang 2.7.0 40.50 120.15 160.65 OK
r-devel-linux-x86_64-debian-gcc 2.7.0 OK
r-devel-linux-x86_64-fedora-clang 2.7.0 223.89 WARN
r-devel-linux-x86_64-fedora-gcc 2.7.0 211.97 WARN
r-devel-windows-ix86+x86_64 2.7.0 81.00 163.00 244.00 OK
r-devel-windows-ix86+x86_64-gcc8 2.7.0 85.00 186.00 271.00 NOTE
r-patched-linux-x86_64 2.7.0 33.24 103.22 136.46 OK
r-patched-solaris-x86 2.7.0 246.10 NOTE
r-release-linux-x86_64 2.7.0 29.89 102.79 132.68 OK
r-release-windows-ix86+x86_64 2.7.0 72.00 153.00 225.00 OK
r-release-osx-x86_64 2.7.0 NOTE
r-oldrel-windows-ix86+x86_64 2.7.0 54.00 166.00 220.00 OK
r-oldrel-osx-x86_64 2.7.0 NOTE

Check Details

Version: 2.7.0
Check: whether package can be installed
Result: WARN
    Found the following significant warnings:
     Warning: namespace ‘rgdal’ is not available and has been replaced
Flavors: r-devel-linux-x86_64-fedora-clang, r-devel-linux-x86_64-fedora-gcc

Version: 2.7.0
Check: dependencies in R code
Result: NOTE
    Namespaces in Imports field not imported from:
     ‘brew’ ‘svglite’ ‘uuid’
     All declared Imports should be used.
Flavors: r-devel-linux-x86_64-fedora-clang, r-devel-linux-x86_64-fedora-gcc, r-patched-solaris-x86, r-release-osx-x86_64, r-oldrel-osx-x86_64

Version: 2.7.0
Check: installed package size
Result: NOTE
     installed size is 5.2Mb
     sub-directories of 1Mb or more:
     libs 2.1Mb
Flavor: r-devel-windows-ix86+x86_64-gcc8