CRAN Package Check Results for Package marg

Last updated on 2023-02-07 00:54:22 CET.

Flavor Version Tinstall Tcheck Ttotal Status Flags
r-devel-linux-x86_64-debian-clang 1.2-2.1 9.39 91.64 101.03 NOTE
r-devel-linux-x86_64-debian-gcc 1.2-2.1 9.75 68.74 78.49 NOTE
r-devel-linux-x86_64-fedora-clang 1.2-2.1 127.81 NOTE
r-devel-linux-x86_64-fedora-gcc 1.2-2.1 123.83 NOTE
r-devel-windows-x86_64 1.2-2.1 22.00 135.00 157.00 NOTE
r-patched-linux-x86_64 1.2-2.1 11.60 85.03 96.63 OK
r-release-linux-x86_64 1.2-2.1 12.52 85.68 98.20 OK
r-release-macos-arm64 1.2-2.1 34.00 OK
r-release-macos-x86_64 1.2-2.1 47.00 OK
r-release-windows-x86_64 1.2-2.1 17.00 126.00 143.00 OK
r-oldrel-macos-arm64 1.2-2.1 42.00 OK
r-oldrel-macos-x86_64 1.2-2.1 67.00 OK
r-oldrel-windows-ix86+x86_64 1.2-2.1 22.00 109.00 131.00 OK

Check Details

Version: 1.2-2.1
Check: Rd files
Result: NOTE
    checkRd: (-1) residuals.rsm.Rd:74: Escaped LaTeX specials: \&
Flavors: r-devel-linux-x86_64-debian-clang, r-devel-linux-x86_64-debian-gcc, r-devel-linux-x86_64-fedora-clang, r-devel-linux-x86_64-fedora-gcc, r-devel-windows-x86_64