CRAN Package Check Results for Package marked

Last updated on 2021-06-22 01:49:20 CEST.

Flavor Version Tinstall Tcheck Ttotal Status Flags
r-devel-linux-x86_64-debian-clang 1.2.6 35.54 204.86 240.40 OK
r-devel-linux-x86_64-debian-gcc 1.2.6 25.43 154.35 179.78 OK
r-devel-linux-x86_64-fedora-clang 1.2.6 291.23 NOTE
r-devel-linux-x86_64-fedora-gcc 1.2.6 287.97 NOTE
r-devel-windows-x86_64 1.2.6 51.00 179.00 230.00 OK
r-devel-windows-x86_64-gcc10-UCRT 1.2.6 ERROR
r-patched-linux-x86_64 1.2.6 31.93 196.02 227.95 OK
r-patched-solaris-x86 1.2.6 413.00 NOTE
r-release-linux-x86_64 1.2.6 30.21 197.43 227.64 OK
r-release-macos-arm64 1.2.6 NOTE
r-release-macos-x86_64 1.2.6 NOTE
r-release-windows-ix86+x86_64 1.2.6 81.00 290.00 371.00 OK
r-oldrel-macos-x86_64 1.2.6 NOTE

Check Details

Version: 1.2.6
Check: dependencies in R code
Result: NOTE
    Namespaces in Imports field not imported from:
     ‘bookdown’ ‘kableExtra’ ‘knitr’
     All declared Imports should be used.
Flavors: r-devel-linux-x86_64-fedora-clang, r-devel-linux-x86_64-fedora-gcc, r-patched-solaris-x86, r-release-macos-arm64, r-release-macos-x86_64, r-oldrel-macos-x86_64

Version: 1.2.6
Check: package dependencies
Result: ERROR
    Package required but not available: 'kableExtra'
    
    See section 'The DESCRIPTION file' in the 'Writing R Extensions'
    manual.
Flavor: r-devel-windows-x86_64-gcc10-UCRT