CRAN Package Check Results for Package markmyassignment

Last updated on 2020-05-28 01:53:21 CEST.

Flavor Version Tinstall Tcheck Ttotal Status Flags
r-devel-linux-x86_64-debian-clang 0.8.2 3.16 39.66 42.82 OK
r-devel-linux-x86_64-debian-gcc 0.8.2 2.70 31.34 34.04 OK
r-devel-linux-x86_64-fedora-clang 0.8.2 60.11 NOTE
r-devel-linux-x86_64-fedora-gcc 0.8.2 78.94 NOTE
r-devel-windows-ix86+x86_64 0.8.2 13.00 90.00 103.00 OK
r-patched-linux-x86_64 0.8.2 3.09 39.58 42.67 OK
r-patched-solaris-x86 0.8.2 69.60 NOTE
r-release-linux-x86_64 0.8.2 3.43 40.71 44.14 OK
r-release-osx-x86_64 0.8.2 NOTE
r-release-windows-ix86+x86_64 0.8.2 8.00 118.00 126.00 OK
r-oldrel-osx-x86_64 0.8.2 NOTE
r-oldrel-windows-ix86+x86_64 0.8.2 6.00 93.00 99.00 OK

Check Details

Version: 0.8.2
Check: dependencies in R code
Result: NOTE
    Namespace in Imports field not imported from: ‘lazyeval’
     All declared Imports should be used.
Flavors: r-devel-linux-x86_64-fedora-clang, r-devel-linux-x86_64-fedora-gcc, r-patched-solaris-x86, r-release-osx-x86_64, r-oldrel-osx-x86_64