CRAN Package Check Results for Package mastif

Last updated on 2023-02-07 00:54:22 CET.

Flavor Version Tinstall Tcheck Ttotal Status Flags
r-devel-linux-x86_64-debian-clang 2.0 76.86 149.20 226.06 NOTE
r-devel-linux-x86_64-debian-gcc 2.0 56.71 107.36 164.07 NOTE
r-devel-linux-x86_64-fedora-clang 2.0 282.17 NOTE
r-devel-linux-x86_64-fedora-gcc 2.0 275.61 NOTE
r-devel-windows-x86_64 2.0 77.00 180.00 257.00 NOTE
r-patched-linux-x86_64 2.0 55.42 138.26 193.68 OK
r-release-linux-x86_64 2.0 57.50 144.40 201.90 OK
r-release-macos-arm64 2.0 61.00 OK
r-release-macos-x86_64 2.0 87.00 OK
r-release-windows-x86_64 2.0 160.00 208.00 368.00 OK
r-oldrel-macos-arm64 2.0 67.00 OK
r-oldrel-macos-x86_64 2.0 86.00 OK
r-oldrel-windows-ix86+x86_64 2.0 138.00 192.00 330.00 OK

Additional issues

donttest

Check Details

Version: 2.0
Check: C++ specification
Result: NOTE
     Specified C++11: please update to current default of C++17
Flavors: r-devel-linux-x86_64-debian-clang, r-devel-linux-x86_64-debian-gcc, r-devel-linux-x86_64-fedora-clang, r-devel-linux-x86_64-fedora-gcc, r-devel-windows-x86_64