Last updated on 2023-09-22 07:57:36 CEST.
Flavor | Version | Tinstall | Tcheck | Ttotal | Status | Flags |
---|---|---|---|---|---|---|
r-devel-linux-x86_64-debian-clang | 1.1.12 | 13.91 | 147.16 | 161.07 | NOTE | |
r-devel-linux-x86_64-debian-gcc | 1.1.12 | 12.52 | 106.98 | 119.50 | NOTE | |
r-devel-linux-x86_64-fedora-clang | 1.1.12 | 194.54 | NOTE | |||
r-devel-linux-x86_64-fedora-gcc | 1.1.12 | 205.00 | NOTE | |||
r-devel-windows-x86_64 | 1.1.12 | 13.00 | 142.00 | 155.00 | NOTE | |
r-patched-linux-x86_64 | 1.1.12 | 13.18 | 137.97 | 151.15 | NOTE | |
r-release-linux-x86_64 | 1.1.12 | 11.06 | 138.55 | 149.61 | NOTE | |
r-release-macos-arm64 | 1.1.12 | 59.00 | NOTE | |||
r-release-macos-x86_64 | 1.1.12 | 165.00 | NOTE | |||
r-release-windows-x86_64 | 1.1.12 | 21.00 | 163.00 | 184.00 | NOTE | |
r-oldrel-macos-arm64 | 1.1.12 | 58.00 | NOTE | |||
r-oldrel-macos-x86_64 | 1.1.12 | 77.00 | NOTE | |||
r-oldrel-windows-x86_64 | 1.1.12 | 18.00 | 158.00 | 176.00 | NOTE |
Version: 1.1.12
Check: package dependencies
Result: NOTE
Package suggested but not available for checking: ‘rrelaxiv’
Flavors: r-devel-linux-x86_64-debian-clang, r-devel-linux-x86_64-debian-gcc, r-devel-linux-x86_64-fedora-clang, r-devel-linux-x86_64-fedora-gcc, r-devel-windows-x86_64, r-patched-linux-x86_64, r-release-linux-x86_64, r-release-macos-arm64, r-release-macos-x86_64, r-release-windows-x86_64, r-oldrel-macos-arm64, r-oldrel-macos-x86_64, r-oldrel-windows-x86_64