Last updated on 2023-06-07 08:01:54 CEST.
Flavor | Version | Tinstall | Tcheck | Ttotal | Status | Flags |
---|---|---|---|---|---|---|
r-devel-linux-x86_64-debian-clang | 1.0.4 | 4.26 | 59.41 | 63.67 | NOTE | |
r-devel-linux-x86_64-debian-gcc | 1.0.4 | 2.91 | 45.74 | 48.65 | NOTE | |
r-devel-linux-x86_64-fedora-clang | 1.0.4 | 82.61 | NOTE | |||
r-devel-linux-x86_64-fedora-gcc | 1.0.4 | 79.27 | NOTE | |||
r-devel-windows-x86_64 | 1.0.4 | 5.00 | 81.00 | 86.00 | NOTE | |
r-patched-linux-x86_64 | 1.0.4 | 4.79 | 57.61 | 62.40 | NOTE | |
r-release-linux-x86_64 | 1.0.4 | 4.21 | 57.81 | 62.02 | NOTE | |
r-release-macos-arm64 | 1.0.4 | 38.00 | NOTE | |||
r-release-macos-x86_64 | 1.0.4 | 55.00 | NOTE | |||
r-release-windows-x86_64 | 1.0.4 | 7.00 | 96.00 | 103.00 | NOTE | |
r-oldrel-macos-arm64 | 1.0.4 | 39.00 | OK | |||
r-oldrel-macos-x86_64 | 1.0.4 | 49.00 | OK | |||
r-oldrel-windows-x86_64 | 1.0.4 | 32.00 | 107.00 | 139.00 | OK |
Version: 1.0.4
Check: Rd files
Result: NOTE
checkRd: (-1) size_t-class.Rd:6: Escaped LaTeX specials: \_
Flavors: r-devel-linux-x86_64-debian-clang, r-devel-linux-x86_64-debian-gcc, r-devel-linux-x86_64-fedora-clang, r-devel-linux-x86_64-fedora-gcc, r-devel-windows-x86_64, r-patched-linux-x86_64, r-release-linux-x86_64, r-release-macos-arm64, r-release-macos-x86_64, r-release-windows-x86_64