CRAN Package Check Results for Package matrixLaplacian

Last updated on 2023-09-25 08:02:31 CEST.

Flavor Version Tinstall Tcheck Ttotal Status Flags
r-devel-linux-x86_64-debian-clang 1.0 1.34 19.36 20.70 NOTE
r-devel-linux-x86_64-debian-gcc 1.0 1.56 15.64 17.20 NOTE
r-devel-linux-x86_64-fedora-clang 1.0 27.33 NOTE
r-devel-linux-x86_64-fedora-gcc 1.0 26.65 NOTE
r-devel-windows-x86_64 1.0 2.00 39.00 41.00 NOTE
r-patched-linux-x86_64 1.0 2.05 19.67 21.72 NOTE
r-release-linux-x86_64 1.0 2.08 19.28 21.36 NOTE
r-release-macos-arm64 1.0 14.00 NOTE
r-release-macos-x86_64 1.0 21.00 NOTE
r-release-windows-x86_64 1.0 2.00 39.00 41.00 NOTE
r-oldrel-macos-arm64 1.0 16.00 NOTE
r-oldrel-macos-x86_64 1.0 18.00 NOTE
r-oldrel-windows-x86_64 1.0 3.00 41.00 44.00 NOTE

Check Details

Version: 1.0
Check: LazyData
Result: NOTE
     'LazyData' is specified without a 'data' directory
Flavors: r-devel-linux-x86_64-debian-clang, r-devel-linux-x86_64-debian-gcc, r-devel-linux-x86_64-fedora-clang, r-devel-linux-x86_64-fedora-gcc, r-devel-windows-x86_64, r-patched-linux-x86_64, r-release-linux-x86_64, r-release-macos-arm64, r-release-macos-x86_64, r-release-windows-x86_64, r-oldrel-macos-arm64, r-oldrel-macos-x86_64, r-oldrel-windows-x86_64