Last updated on 2023-01-27 00:51:07 CET.
Flavor | Version | Tinstall | Tcheck | Ttotal | Status | Flags |
---|---|---|---|---|---|---|
r-devel-linux-x86_64-debian-clang | 1.0 | 1.54 | 19.70 | 21.24 | NOTE | |
r-devel-linux-x86_64-debian-gcc | 1.0 | 1.49 | 15.50 | 16.99 | NOTE | |
r-devel-linux-x86_64-fedora-clang | 1.0 | 28.49 | NOTE | |||
r-devel-linux-x86_64-fedora-gcc | 1.0 | 27.33 | NOTE | |||
r-patched-linux-x86_64 | 1.0 | 1.53 | 20.57 | 22.10 | NOTE | |
r-release-linux-x86_64 | 1.0 | 1.61 | 20.72 | 22.33 | NOTE | |
r-release-macos-arm64 | 1.0 | 14.00 | NOTE | |||
r-release-macos-x86_64 | 1.0 | 18.00 | NOTE | |||
r-release-windows-x86_64 | 1.0 | 10.00 | 45.00 | 55.00 | NOTE | |
r-oldrel-macos-arm64 | 1.0 | 17.00 | NOTE | |||
r-oldrel-macos-x86_64 | 1.0 | 23.00 | NOTE | |||
r-oldrel-windows-ix86+x86_64 | 1.0 | 4.00 | 47.00 | 51.00 | NOTE |
Version: 1.0
Check: LazyData
Result: NOTE
'LazyData' is specified without a 'data' directory
Flavors: r-devel-linux-x86_64-debian-clang, r-devel-linux-x86_64-debian-gcc, r-devel-linux-x86_64-fedora-clang, r-devel-linux-x86_64-fedora-gcc, r-patched-linux-x86_64, r-release-linux-x86_64, r-release-macos-arm64, r-release-macos-x86_64, r-release-windows-x86_64, r-oldrel-macos-arm64, r-oldrel-macos-x86_64, r-oldrel-windows-ix86+x86_64