CRAN Package Check Results for Package matrixStats

Last updated on 2021-08-04 01:50:39 CEST.

Flavor Version Tinstall Tcheck Ttotal Status Flags
r-devel-linux-x86_64-debian-clang 0.60.0 163.44 595.50 758.94 OK
r-devel-linux-x86_64-debian-gcc 0.60.0 110.14 429.94 540.08 OK
r-devel-linux-x86_64-fedora-clang 0.60.0 905.30 NOTE
r-devel-linux-x86_64-fedora-gcc 0.60.0 893.70 OK
r-devel-windows-x86_64 0.60.0 219.00 659.00 878.00 OK
r-devel-windows-x86_64-gcc10-UCRT 0.60.0 OK
r-patched-linux-x86_64 0.60.0 129.40 558.74 688.14 OK
r-patched-solaris-x86 0.60.0 1395.80 NOTE
r-release-linux-x86_64 0.60.0 130.09 561.89 691.98 OK
r-release-macos-arm64 0.60.0 NOTE
r-release-macos-x86_64 0.60.0 NOTE
r-release-windows-ix86+x86_64 0.59.0 409.00 461.00 870.00 NOTE
r-oldrel-macos-x86_64 0.60.0 NOTE
r-oldrel-windows-ix86+x86_64 0.60.0 350.00 921.00 1271.00 NOTE

Check Details

Version: 0.60.0
Check: installed package size
Result: NOTE
     installed size is 10.6Mb
     sub-directories of 1Mb or more:
     libs 9.7Mb
Flavors: r-devel-linux-x86_64-fedora-clang, r-patched-solaris-x86, r-release-macos-arm64, r-release-macos-x86_64, r-oldrel-macos-x86_64, r-oldrel-windows-ix86+x86_64

Version: 0.59.0
Check: installed package size
Result: NOTE
     installed size is 5.3Mb
     sub-directories of 1Mb or more:
     libs 4.6Mb
Flavor: r-release-windows-ix86+x86_64