CRAN Package Check Results for Package matrixTests

Last updated on 2022-01-25 00:49:53 CET.

Flavor Version Tinstall Tcheck Ttotal Status Flags
r-devel-linux-x86_64-debian-clang 0.1.9.1 3.85 183.65 187.50 OK
r-devel-linux-x86_64-debian-gcc 0.1.9.1 4.15 132.71 136.86 OK
r-devel-linux-x86_64-fedora-clang 0.1.9.1 217.64 OK
r-devel-linux-x86_64-fedora-gcc 0.1.9.1 211.86 OK
r-devel-windows-x86_64-new-UL 0.1.9.1 122.00 216.00 338.00 OK
r-devel-windows-x86_64-new-TK 0.1.9.1 ERROR
r-patched-linux-x86_64 0.1.9.1 4.30 176.28 180.58 OK
r-release-linux-x86_64 0.1.9.1 4.94 173.89 178.83 OK
r-release-macos-arm64 0.1.9.1 OK
r-release-macos-x86_64 0.1.9.1 OK
r-release-windows-ix86+x86_64 0.1.9.1 9.00 214.00 223.00 OK
r-oldrel-macos-x86_64 0.1.9.1 OK
r-oldrel-windows-ix86+x86_64 0.1.9.1 9.00 222.00 231.00 OK

Check Details

Version: 0.1.9.1
Check: package dependencies
Result: NOTE
    Package suggested but not available for checking: 'car'
Flavor: r-devel-windows-x86_64-new-TK

Version: 0.1.9.1
Check: Rd cross-references
Result: NOTE
    Package unavailable to check Rd xrefs: 'car'
Flavor: r-devel-windows-x86_64-new-TK

Version: 0.1.9.1
Check: tests
Result: ERROR
     Running 'testthat.R'
    Running the tests in 'tests/testthat.R' failed.
    Complete output:
     > library(testthat)
     > library(matrixTests)
     >
     > test_check("matrixTests")
     [ FAIL 14 | WARN 10 | SKIP 0 | PASS 2147 ]
    
     ══ Failed tests ════════════════════════════════════════════════════════════════
     ── Error (test-correct-brownforsythe.R:46:3): monte-carlo random testing gives equal results ──
     <packageNotFoundError/error/condition>
     Error in `loadNamespace(x)`: there is no package called 'car'
     Backtrace:
     █
     1. ├─matrixTests:::car_brownforsythe(X, groups) test-correct-brownforsythe.R:46:2
     2. └─base::loadNamespace(x) test-correct-brownforsythe.R:19:4
     3. └─base::withRestarts(stop(cond), retry_loadNamespace = function() NULL)
     4. └─base:::withOneRestart(expr, restarts[[1L]])
     5. └─base:::doWithOneRestart(return(expr), restart)
     ── Error (test-correct-brownforsythe.R:73:3): extreme numbers give equal results ──
     <packageNotFoundError/error/condition>
     Error in `loadNamespace(x)`: there is no package called 'car'
     Backtrace:
     █
     1. ├─matrixTests:::car_brownforsythe(x, g) test-correct-brownforsythe.R:73:2
     2. └─base::loadNamespace(x) test-correct-brownforsythe.R:19:4
     3. └─base::withRestarts(stop(cond), retry_loadNamespace = function() NULL)
     4. └─base:::withOneRestart(expr, restarts[[1L]])
     5. └─base:::doWithOneRestart(return(expr), restart)
     ── Error (test-correct-brownforsythe.R:91:3): equal variance in all groups give equal results ──
     <packageNotFoundError/error/condition>
     Error in `loadNamespace(x)`: there is no package called 'car'
     Backtrace:
     █
     1. ├─matrixTests:::car_brownforsythe(x, g) test-correct-brownforsythe.R:91:2
     2. └─base::loadNamespace(x) test-correct-brownforsythe.R:19:4
     3. └─base::withRestarts(stop(cond), retry_loadNamespace = function() NULL)
     4. └─base:::withOneRestart(expr, restarts[[1L]])
     5. └─base:::doWithOneRestart(return(expr), restart)
     ── Error (test-correct-brownforsythe.R:107:3): minimal allowed sample size gives equal results ──
     <packageNotFoundError/error/condition>
     Error in `loadNamespace(x)`: there is no package called 'car'
     Backtrace:
     █
     1. ├─matrixTests:::car_brownforsythe(x, g) test-correct-brownforsythe.R:107:2
     2. └─base::loadNamespace(x) test-correct-brownforsythe.R:19:4
     3. └─base::withRestarts(stop(cond), retry_loadNamespace = function() NULL)
     4. └─base:::withOneRestart(expr, restarts[[1L]])
     5. └─base:::doWithOneRestart(return(expr), restart)
     ── Error (test-correct-brownforsythe.R:145:3): groups with one remaining member give equal results ──
     <packageNotFoundError/error/condition>
     Error in `loadNamespace(x)`: there is no package called 'car'
     Backtrace:
     █
     1. ├─matrixTests:::car_brownforsythe(x, g) test-correct-brownforsythe.R:145:2
     2. └─base::loadNamespace(x) test-correct-brownforsythe.R:19:4
     3. └─base::withRestarts(stop(cond), retry_loadNamespace = function() NULL)
     4. └─base:::withOneRestart(expr, restarts[[1L]])
     5. └─base:::doWithOneRestart(return(expr), restart)
     ── Error (test-correct-brownforsythe.R:161:3): constant values give equal results ──
     <packageNotFoundError/error/condition>
     Error in `loadNamespace(x)`: there is no package called 'car'
     Backtrace:
     █
     1. ├─matrixTests:::car_brownforsythe(x, g) test-correct-brownforsythe.R:161:2
     2. └─base::loadNamespace(x) test-correct-brownforsythe.R:19:4
     3. └─base::withRestarts(stop(cond), retry_loadNamespace = function() NULL)
     4. └─base:::withOneRestart(expr, restarts[[1L]])
     5. └─base:::doWithOneRestart(return(expr), restart)
     ── Error (test-correct-brownforsythe.R:183:3): cases when some groups are constant after residuals give equal results ──
     <packageNotFoundError/error/condition>
     Error in `loadNamespace(x)`: there is no package called 'car'
     Backtrace:
     █
     1. ├─matrixTests:::car_brownforsythe(x, g) test-correct-brownforsythe.R:183:2
     2. └─base::loadNamespace(x) test-correct-brownforsythe.R:19:4
     3. └─base::withRestarts(stop(cond), retry_loadNamespace = function() NULL)
     4. └─base:::withOneRestart(expr, restarts[[1L]])
     5. └─base:::doWithOneRestart(return(expr), restart)
     ── Error (test-correct-levene.R:46:3): monte-carlo random testing gives equal results ──
     <packageNotFoundError/error/condition>
     Error in `loadNamespace(x)`: there is no package called 'car'
     Backtrace:
     █
     1. ├─matrixTests:::car_levene(X, groups) test-correct-levene.R:46:2
     2. └─base::loadNamespace(x) test-correct-levene.R:19:4
     3. └─base::withRestarts(stop(cond), retry_loadNamespace = function() NULL)
     4. └─base:::withOneRestart(expr, restarts[[1L]])
     5. └─base:::doWithOneRestart(return(expr), restart)
     ── Error (test-correct-levene.R:73:3): extreme numbers give equal results ──────
     <packageNotFoundError/error/condition>
     Error in `loadNamespace(x)`: there is no package called 'car'
     Backtrace:
     █
     1. ├─matrixTests:::car_levene(x, g) test-correct-levene.R:73:2
     2. └─base::loadNamespace(x) test-correct-levene.R:19:4
     3. └─base::withRestarts(stop(cond), retry_loadNamespace = function() NULL)
     4. └─base:::withOneRestart(expr, restarts[[1L]])
     5. └─base:::doWithOneRestart(return(expr), restart)
     ── Error (test-correct-levene.R:91:3): equal variance in all groups give equal results ──
     <packageNotFoundError/error/condition>
     Error in `loadNamespace(x)`: there is no package called 'car'
     Backtrace:
     █
     1. ├─matrixTests:::car_levene(x, g) test-correct-levene.R:91:2
     2. └─base::loadNamespace(x) test-correct-levene.R:19:4
     3. └─base::withRestarts(stop(cond), retry_loadNamespace = function() NULL)
     4. └─base:::withOneRestart(expr, restarts[[1L]])
     5. └─base:::doWithOneRestart(return(expr), restart)
     ── Error (test-correct-levene.R:107:3): minimal allowed sample size gives equal results ──
     <packageNotFoundError/error/condition>
     Error in `loadNamespace(x)`: there is no package called 'car'
     Backtrace:
     █
     1. ├─matrixTests:::car_levene(x, g) test-correct-levene.R:107:2
     2. └─base::loadNamespace(x) test-correct-levene.R:19:4
     3. └─base::withRestarts(stop(cond), retry_loadNamespace = function() NULL)
     4. └─base:::withOneRestart(expr, restarts[[1L]])
     5. └─base:::doWithOneRestart(return(expr), restart)
     ── Error (test-correct-levene.R:145:3): groups with one remaining member give equal results ──
     <packageNotFoundError/error/condition>
     Error in `loadNamespace(x)`: there is no package called 'car'
     Backtrace:
     █
     1. ├─matrixTests:::car_levene(x, g) test-correct-levene.R:145:2
     2. └─base::loadNamespace(x) test-correct-levene.R:19:4
     3. └─base::withRestarts(stop(cond), retry_loadNamespace = function() NULL)
     4. └─base:::withOneRestart(expr, restarts[[1L]])
     5. └─base:::doWithOneRestart(return(expr), restart)
     ── Error (test-correct-levene.R:161:3): constant values give equal results ─────
     <packageNotFoundError/error/condition>
     Error in `loadNamespace(x)`: there is no package called 'car'
     Backtrace:
     █
     1. ├─matrixTests:::car_levene(x, g) test-correct-levene.R:161:2
     2. └─base::loadNamespace(x) test-correct-levene.R:19:4
     3. └─base::withRestarts(stop(cond), retry_loadNamespace = function() NULL)
     4. └─base:::withOneRestart(expr, restarts[[1L]])
     5. └─base:::doWithOneRestart(return(expr), restart)
     ── Error (test-correct-levene.R:183:3): cases when some groups are constant after residuals give equal results ──
     <packageNotFoundError/error/condition>
     Error in `loadNamespace(x)`: there is no package called 'car'
     Backtrace:
     █
     1. ├─matrixTests:::car_levene(x, g) test-correct-levene.R:183:2
     2. └─base::loadNamespace(x) test-correct-levene.R:19:4
     3. └─base::withRestarts(stop(cond), retry_loadNamespace = function() NULL)
     4. └─base:::withOneRestart(expr, restarts[[1L]])
     5. └─base:::doWithOneRestart(return(expr), restart)
    
     [ FAIL 14 | WARN 10 | SKIP 0 | PASS 2147 ]
     Error: Test failures
     Execution halted
Flavor: r-devel-windows-x86_64-new-TK