CRAN Package Check Results for Package matrixTests

Last updated on 2021-09-23 01:49:44 CEST.

Flavor Version Tinstall Tcheck Ttotal Status Flags
r-devel-linux-x86_64-debian-clang 0.1.9 4.51 176.46 180.97 NOTE
r-devel-linux-x86_64-debian-gcc 0.1.9 3.97 127.70 131.67 NOTE
r-devel-linux-x86_64-fedora-clang 0.1.9 214.72 NOTE
r-devel-linux-x86_64-fedora-gcc 0.1.9 200.75 NOTE
r-devel-windows-x86_64 0.1.9 8.00 166.00 174.00 NOTE
r-devel-windows-x86_64-gcc10-UCRT 0.1.9 ERROR
r-patched-linux-x86_64 0.1.9 4.94 168.38 173.32 NOTE
r-patched-solaris-x86 0.1.9 238.20 NOTE
r-release-linux-x86_64 0.1.9 4.38 170.24 174.62 NOTE
r-release-macos-arm64 0.1.9 NOTE
r-release-macos-x86_64 0.1.9 NOTE
r-release-windows-ix86+x86_64 0.1.9 9.00 161.00 170.00 NOTE
r-oldrel-macos-x86_64 0.1.9 OK
r-oldrel-windows-ix86+x86_64 0.1.9 30.00 164.00 194.00 OK

Check Details

Version: 0.1.9
Check: LazyData
Result: NOTE
     'LazyData' is specified without a 'data' directory
Flavors: r-devel-linux-x86_64-debian-clang, r-devel-linux-x86_64-debian-gcc, r-devel-linux-x86_64-fedora-clang, r-devel-linux-x86_64-fedora-gcc, r-devel-windows-x86_64, r-devel-windows-x86_64-gcc10-UCRT, r-patched-linux-x86_64, r-patched-solaris-x86, r-release-linux-x86_64, r-release-macos-arm64, r-release-macos-x86_64, r-release-windows-ix86+x86_64

Version: 0.1.9
Check: package dependencies
Result: NOTE
    Package suggested but not available for checking: 'cosinor2'
Flavor: r-devel-windows-x86_64-gcc10-UCRT

Version: 0.1.9
Check: tests
Result: ERROR
     Running 'testthat.R'
    Running the tests in 'tests/testthat.R' failed.
    Complete output:
     > library(testthat)
     > library(matrixTests)
     >
     > test_check("matrixTests")
     ══ Failed tests ════════════════════════════════════════════════════════════════
     ── Error (test-correct-cosinor.R:45:3): monte-carlo random testing gives equal results ──
     Error: there is no package called 'cosinor2'
     Backtrace:
     █
     1. ├─matrixTests:::base_cosinor(X, T, 10) test-correct-cosinor.R:45:2
     2. └─base::loadNamespace(x) test-correct-cosinor.R:20:4
     3. └─base::withRestarts(stop(cond), retry_loadNamespace = function() NULL)
     4. └─base:::withOneRestart(expr, restarts[[1L]])
     5. └─base:::doWithOneRestart(return(expr), restart)
    
     [ FAIL 1 | WARN 10 | SKIP 0 | PASS 2189 ]
     Error: Test failures
     Execution halted
Flavor: r-devel-windows-x86_64-gcc10-UCRT

Version: 0.1.9
Check: PDF version of manual
Result: WARN
    LaTeX errors when creating PDF version.
    This typically indicates Rd problems.
Flavor: r-devel-windows-x86_64-gcc10-UCRT

Version: 0.1.9
Check: PDF version of manual without hyperrefs or index
Result: ERROR
    Re-running with no redirection of stdout/stderr.
Flavor: r-devel-windows-x86_64-gcc10-UCRT