CRAN Package Check Results for Package mauricer

Last updated on 2022-10-07 02:49:58 CEST.

Flavor Version Tinstall Tcheck Ttotal Status Flags
r-devel-linux-x86_64-debian-clang 2.5.2 3.15 28.42 31.57 OK
r-devel-linux-x86_64-debian-gcc 2.5.2 2.02 22.62 24.64 OK
r-devel-linux-x86_64-fedora-clang 2.5.2 51.61 NOTE
r-devel-linux-x86_64-fedora-gcc 2.5.2 47.64 OK
r-devel-windows-x86_64 2.5.2 13.00 61.00 74.00 OK
r-patched-linux-x86_64 2.5.2 2.86 27.46 30.32 OK
r-release-linux-x86_64 2.5.2 2.14 27.12 29.26 OK
r-release-macos-arm64 2.5.2 16.00 OK
r-release-macos-x86_64 2.5.2 24.00 OK
r-release-windows-x86_64 2.5.2 17.00 58.00 75.00 OK
r-oldrel-macos-arm64 2.5.2 19.00 OK
r-oldrel-macos-x86_64 2.5.2 27.00 OK
r-oldrel-windows-ix86+x86_64 2.5.2 9.00 56.00 65.00 OK

Check Details

Version: 2.5.2
Check: Rd cross-references
Result: NOTE
    Undeclared package ‘tracerer’ in Rd xrefs
Flavor: r-devel-linux-x86_64-fedora-clang