CRAN Package Check Results for Package mauricer

Last updated on 2021-11-29 00:48:33 CET.

Flavor Version Tinstall Tcheck Ttotal Status Flags
r-devel-linux-x86_64-debian-clang 2.5.1 OK
r-devel-linux-x86_64-debian-gcc 2.5.1 2.27 20.56 22.83 OK
r-devel-linux-x86_64-fedora-clang 2.5.1 46.48 NOTE
r-devel-linux-x86_64-fedora-gcc 2.5.1 34.84 OK
r-devel-windows-x86_64-new-UL 2.5.1 9.00 64.00 73.00 OK
r-devel-windows-x86_64-new-TK 2.5.1 OK
r-devel-windows-x86_64-old 2.5.1 7.00 46.00 53.00 OK
r-patched-linux-x86_64 2.5.1 3.04 24.32 27.36 OK
r-patched-solaris-x86 2.5.1 51.80 OK
r-release-linux-x86_64 2.5.1 2.75 24.68 27.43 OK
r-release-macos-arm64 2.5.1 OK
r-release-macos-x86_64 2.5.1 OK
r-release-windows-ix86+x86_64 2.5.1 10.00 35.00 45.00 OK
r-oldrel-macos-x86_64 2.5.1 OK
r-oldrel-windows-ix86+x86_64 2.5.1 8.00 46.00 54.00 OK

Check Details

Version: 2.5.1
Check: Rd cross-references
Result: NOTE
    Undeclared package ‘tracerer’ in Rd xrefs
Flavor: r-devel-linux-x86_64-fedora-clang