CRAN Package Check Results for Package maxlike

Last updated on 2024-07-18 06:57:28 CEST.

Flavor Version Tinstall Tcheck Ttotal Status Flags
r-devel-linux-x86_64-debian-clang 0.1-11 27.95 285.09 313.04 OK
r-devel-linux-x86_64-debian-gcc 0.1-11 22.91 205.83 228.74 OK
r-devel-linux-x86_64-fedora-clang 0.1-11 385.17 OK
r-devel-linux-x86_64-fedora-gcc 0.1-11 372.81 OK
r-devel-windows-x86_64 0.1-11 23.00 172.00 195.00 NOTE
r-patched-linux-x86_64 0.1-11 26.24 273.41 299.65 OK
r-release-linux-x86_64 0.1-11 28.35 273.53 301.88 OK
r-release-macos-arm64 0.1-11 80.00 OK
r-release-macos-x86_64 0.1-11 152.00 OK
r-release-windows-x86_64 0.1-11 23.00 174.00 197.00 OK
r-oldrel-macos-arm64 0.1-11 87.00 OK
r-oldrel-macos-x86_64 0.1-11 262.00 OK
r-oldrel-windows-x86_64 0.1-11 30.00 224.00 254.00 OK

Check Details

Version: 0.1-11
Check: Rd cross-references
Result: NOTE Found the following Rd file(s) with Rd \link{} targets missing package anchors: carw.Rd: raster maxlike-package.Rd: raster maxlike.Rd: raster-package, raster Please provide package anchors for all Rd \link{} targets not in the package itself and the base packages. Flavor: r-devel-windows-x86_64