CRAN Package Check Results for Package mbbefd

Last updated on 2021-09-22 01:48:53 CEST.

Flavor Version Tinstall Tcheck Ttotal Status Flags
r-devel-linux-x86_64-debian-clang 0.8.10 28.68 181.79 210.47 OK
r-devel-linux-x86_64-debian-gcc 0.8.10 17.78 137.26 155.04 OK
r-devel-linux-x86_64-fedora-clang 0.8.10 256.88 OK
r-devel-linux-x86_64-fedora-gcc 0.8.10 240.84 OK
r-devel-windows-x86_64 0.8.10 26.00 178.00 204.00 OK
r-devel-windows-x86_64-gcc10-UCRT 0.8.10 ERROR
r-patched-linux-x86_64 0.8.10 22.00 174.11 196.11 OK
r-patched-solaris-x86 0.8.10 332.90 OK
r-release-linux-x86_64 0.8.10 21.11 174.33 195.44 OK
r-release-macos-arm64 0.8.10 OK
r-release-macos-x86_64 0.8.10 OK
r-release-windows-ix86+x86_64 0.8.10 63.00 277.00 340.00 OK
r-oldrel-macos-x86_64 0.8.10 OK
r-oldrel-windows-ix86+x86_64 0.8.10 58.00 279.00 337.00 OK

Check Details

Version: 0.8.10
Check: whether package can be installed
Result: ERROR
    Installation failed.
Flavor: r-devel-windows-x86_64-gcc10-UCRT