Last updated on 2023-09-25 08:02:32 CEST.
Flavor | Version | Tinstall | Tcheck | Ttotal | Status | Flags |
---|---|---|---|---|---|---|
r-devel-linux-x86_64-debian-clang | 0.6 | 13.51 | 288.01 | 301.52 | NOTE | |
r-devel-linux-x86_64-debian-gcc | 0.6 | 11.28 | 216.90 | 228.18 | NOTE | |
r-devel-linux-x86_64-fedora-clang | 0.6 | 354.07 | NOTE | |||
r-devel-linux-x86_64-fedora-gcc | 0.6 | 354.99 | NOTE | |||
r-devel-windows-x86_64 | 0.6 | 15.00 | 216.00 | 231.00 | NOTE | |
r-patched-linux-x86_64 | 0.6 | 20.73 | 280.85 | 301.58 | NOTE | |
r-release-linux-x86_64 | 0.6 | 12.47 | 280.90 | 293.37 | NOTE | |
r-release-macos-arm64 | 0.6 | 81.00 | NOTE | |||
r-release-macos-x86_64 | 0.6 | 136.00 | NOTE | |||
r-release-windows-x86_64 | 0.6 | 19.00 | 286.00 | 305.00 | NOTE | |
r-oldrel-macos-arm64 | 0.6 | 65.00 | NOTE | |||
r-oldrel-macos-x86_64 | 0.6 | 115.00 | NOTE | |||
r-oldrel-windows-x86_64 | 0.6 | 18.00 | 218.00 | 236.00 | NOTE |
Version: 0.6
Check: LazyData
Result: NOTE
'LazyData' is specified without a 'data' directory
Flavors: r-devel-linux-x86_64-debian-clang, r-devel-linux-x86_64-debian-gcc, r-devel-linux-x86_64-fedora-clang, r-devel-linux-x86_64-fedora-gcc, r-devel-windows-x86_64, r-patched-linux-x86_64, r-release-linux-x86_64, r-release-macos-arm64, r-release-macos-x86_64, r-release-windows-x86_64, r-oldrel-macos-arm64, r-oldrel-macos-x86_64, r-oldrel-windows-x86_64
Version: 0.6
Check: Rd cross-references
Result: NOTE
Undeclared packages ‘logistf’, ‘brglm’ in Rd xrefs
Flavor: r-devel-linux-x86_64-fedora-clang