CRAN Package Check Results for Package mboost

Last updated on 2020-08-06 02:09:29 CEST.

Flavor Version Tinstall Tcheck Ttotal Status Flags
r-devel-linux-x86_64-debian-clang 2.9-2.1 17.61 555.77 573.38 OK
r-devel-linux-x86_64-debian-gcc 2.9-2.1 13.93 394.46 408.39 OK
r-devel-linux-x86_64-fedora-clang 2.9-2.1 640.82 OK
r-devel-linux-x86_64-fedora-gcc 2.9-2.1 515.19 OK
r-devel-windows-ix86+x86_64 2.9-2.1 41.00 167.00 208.00 OK --no-vignettes
r-patched-linux-x86_64 2.9-2.1 17.21 522.85 540.06 OK
r-patched-solaris-x86 2.9-2.1 807.20 OK
r-release-linux-x86_64 2.9-2.1 16.00 527.89 543.89 OK
r-release-macos-x86_64 2.9-2.1 NOTE
r-release-windows-ix86+x86_64 2.9-2 39.00 215.00 254.00 OK --no-vignettes
r-oldrel-macos-x86_64 2.9-2.1 OK
r-oldrel-windows-ix86+x86_64 2.9-2.1 36.00 139.00 175.00 OK --no-vignettes

Check Details

Version: 2.9-2.1
Check: package dependencies
Result: NOTE
    Package suggested but not available for checking: ‘kangar00’
Flavor: r-release-macos-x86_64

Version: 2.9-2.1
Check: Rd cross-references
Result: NOTE
    Package unavailable to check Rd xrefs: ‘kangar00’
Flavor: r-release-macos-x86_64