CRAN Package Check Results for Package mboost

Last updated on 2022-01-28 00:49:00 CET.

Flavor Version Tinstall Tcheck Ttotal Status Flags
r-devel-linux-x86_64-debian-clang 2.9-5 21.58 376.23 397.81 OK
r-devel-linux-x86_64-debian-gcc 2.9-5 17.62 277.80 295.42 OK
r-devel-linux-x86_64-fedora-clang 2.9-5 463.68 OK
r-devel-linux-x86_64-fedora-gcc 2.9-5 480.23 OK
r-devel-windows-x86_64-new-UL 2.9-5 81.00 178.00 259.00 OK --no-vignettes
r-devel-windows-x86_64-new-TK 2.9-5 OK
r-patched-linux-x86_64 2.9-5 20.58 361.69 382.27 OK
r-release-linux-x86_64 2.9-5 17.05 362.90 379.95 OK
r-release-macos-arm64 2.9-5 NOTE
r-release-macos-x86_64 2.9-5 NOTE
r-release-windows-ix86+x86_64 2.9-5 36.00 298.00 334.00 OK --no-vignettes
r-oldrel-macos-x86_64 2.9-5 NOTE
r-oldrel-windows-ix86+x86_64 2.9-5 36.00 282.00 318.00 OK --no-vignettes

Check Details

Version: 2.9-5
Check: package dependencies
Result: NOTE
    Package suggested but not available for checking: ‘kangar00’
Flavors: r-release-macos-arm64, r-release-macos-x86_64, r-oldrel-macos-x86_64

Version: 2.9-5
Check: Rd cross-references
Result: NOTE
    Package unavailable to check Rd xrefs: ‘kangar00’
Flavors: r-release-macos-arm64, r-release-macos-x86_64, r-oldrel-macos-x86_64