CRAN Package Check Results for Package mboxr

Last updated on 2021-06-22 01:49:20 CEST.

Flavor Version Tinstall Tcheck Ttotal Status Flags
r-devel-linux-x86_64-debian-clang 0.2.0 2.09 26.60 28.69 NOTE
r-devel-linux-x86_64-debian-gcc 0.2.0 1.71 21.18 22.89 NOTE
r-devel-linux-x86_64-fedora-clang 0.2.0 44.34 NOTE
r-devel-linux-x86_64-fedora-gcc 0.2.0 34.10 NOTE
r-devel-windows-x86_64 0.2.0 4.00 31.00 35.00 NOTE
r-devel-windows-x86_64-gcc10-UCRT 0.2.0 NOTE
r-patched-linux-x86_64 0.2.0 1.67 26.17 27.84 NOTE
r-patched-solaris-x86 0.2.0 53.10 NOTE
r-release-linux-x86_64 0.2.0 1.74 26.12 27.86 NOTE
r-release-macos-arm64 0.2.0 NOTE
r-release-macos-x86_64 0.2.0 NOTE
r-release-windows-ix86+x86_64 0.2.0 5.00 44.00 49.00 NOTE
r-oldrel-macos-x86_64 0.2.0 OK

Check Details

Version: 0.2.0
Check: LazyData
Result: NOTE
     'LazyData' is specified without a 'data' directory
Flavors: r-devel-linux-x86_64-debian-clang, r-devel-linux-x86_64-debian-gcc, r-devel-linux-x86_64-fedora-clang, r-devel-linux-x86_64-fedora-gcc, r-devel-windows-x86_64, r-devel-windows-x86_64-gcc10-UCRT, r-patched-linux-x86_64, r-patched-solaris-x86, r-release-linux-x86_64, r-release-macos-arm64, r-release-macos-x86_64, r-release-windows-ix86+x86_64

Version: 0.2.0
Check: package dependencies
Result: NOTE
    Package suggested but not available for checking: 'covr'
Flavor: r-devel-windows-x86_64-gcc10-UCRT