CRAN Package Check Results for Package mcGlobaloptim

Last updated on 2021-04-19 02:46:52 CEST.

Flavor Version Tinstall Tcheck Ttotal Status Flags
r-devel-linux-x86_64-debian-clang 0.1 2.45 29.04 31.49 NOTE
r-devel-linux-x86_64-debian-gcc 0.1 1.88 22.82 24.70 NOTE
r-devel-linux-x86_64-fedora-clang 0.1 47.80 NOTE
r-devel-linux-x86_64-fedora-gcc 0.1 37.31 NOTE
r-devel-windows-ix86+x86_64 0.1 6.00 4.00 10.00 ERROR
r-devel-windows-x86_64-gcc10-UCRT 0.1 NOTE
r-patched-linux-x86_64 0.1 2.52 28.16 30.68 NOTE
r-patched-solaris-x86 0.1 56.40 NOTE
r-release-linux-x86_64 0.1 2.48 28.23 30.71 NOTE
r-release-macos-x86_64 0.1 NOTE
r-release-windows-ix86+x86_64 0.1 5.00 44.00 49.00 NOTE
r-oldrel-macos-x86_64 0.1 NOTE
r-oldrel-windows-ix86+x86_64 0.1 13.00 44.00 57.00 NOTE

Check Details

Version: 0.1
Check: R code for possible problems
Result: NOTE
    call_localoptim: no visible global function definition for 'optim'
    call_localoptim: no visible global function definition for 'nlminb'
    call_localoptim: no visible global function definition for
     'txtProgressBar'
    call_localoptim: no visible global function definition for
     'setTxtProgressBar'
    call_localoptim : <anonymous>: no visible global function definition
     for 'optim'
    call_localoptim : <anonymous>: no visible global function definition
     for 'nlminb'
    multiStartoptim: no visible global function definition for 'median'
    Undefined global functions or variables:
     median nlminb optim setTxtProgressBar txtProgressBar
    Consider adding
     importFrom("stats", "median", "nlminb", "optim")
     importFrom("utils", "setTxtProgressBar", "txtProgressBar")
    to your NAMESPACE file.
Flavors: r-devel-linux-x86_64-debian-clang, r-devel-linux-x86_64-debian-gcc, r-devel-linux-x86_64-fedora-clang, r-devel-linux-x86_64-fedora-gcc, r-devel-windows-x86_64-gcc10-UCRT, r-patched-linux-x86_64, r-patched-solaris-x86, r-release-linux-x86_64, r-release-macos-x86_64, r-release-windows-ix86+x86_64, r-oldrel-macos-x86_64, r-oldrel-windows-ix86+x86_64

Version: 0.1
Check: whether package can be installed
Result: ERROR
    Installation failed.
Flavor: r-devel-windows-ix86+x86_64