Last updated on 2022-05-22 01:51:31 CEST.
Flavor | Version | Tinstall | Tcheck | Ttotal | Status | Flags |
---|---|---|---|---|---|---|
r-devel-linux-x86_64-debian-clang | 0.1.15 | 12.40 | 157.35 | 169.75 | OK | |
r-devel-linux-x86_64-debian-gcc | 0.1.15 | 9.98 | 116.21 | 126.19 | OK | |
r-devel-linux-x86_64-fedora-clang | 0.1.15 | 205.97 | NOTE | |||
r-devel-linux-x86_64-fedora-gcc | 0.1.15 | 191.48 | NOTE | |||
r-devel-windows-x86_64 | 0.1.15 | 15.00 | 164.00 | 179.00 | OK | |
r-patched-linux-x86_64 | 0.1.15 | 11.05 | 149.53 | 160.58 | OK | |
r-release-linux-x86_64 | 0.1.15 | 11.68 | 145.78 | 157.46 | OK | |
r-release-macos-arm64 | 0.1.15 | 50.00 | NOTE | |||
r-release-macos-x86_64 | 0.1.15 | 94.00 | NOTE | |||
r-release-windows-x86_64 | 0.1.15 | 16.00 | 166.00 | 182.00 | OK | |
r-oldrel-macos-arm64 | 0.1.15 | 59.00 | NOTE | |||
r-oldrel-macos-x86_64 | 0.1.15 | 76.00 | NOTE | |||
r-oldrel-windows-ix86+x86_64 | 0.1.15 | 28.00 | 159.00 | 187.00 | OK |
Version: 0.1.15
Check: dependencies in R code
Result: NOTE
Namespaces in Imports field not imported from:
‘MASS’ ‘lars’ ‘methods’ ‘parallel’ ‘smoothmest’
All declared Imports should be used.
Flavors: r-devel-linux-x86_64-fedora-clang, r-devel-linux-x86_64-fedora-gcc, r-release-macos-arm64, r-release-macos-x86_64, r-oldrel-macos-arm64, r-oldrel-macos-x86_64