Last updated on 2023-02-07 00:54:22 CET.
Flavor | Version | Tinstall | Tcheck | Ttotal | Status | Flags |
---|---|---|---|---|---|---|
r-devel-linux-x86_64-debian-clang | 1.0.1 | 3.34 | 34.27 | 37.61 | OK | |
r-devel-linux-x86_64-debian-gcc | 1.0.1 | 2.30 | 27.40 | 29.70 | OK | |
r-devel-linux-x86_64-fedora-clang | 1.0.1 | 49.43 | NOTE | |||
r-devel-linux-x86_64-fedora-gcc | 1.0.1 | 48.11 | NOTE | |||
r-devel-windows-x86_64 | 1.0.1 | 17.00 | 74.00 | 91.00 | OK | |
r-patched-linux-x86_64 | 1.0.1 | 3.36 | 33.41 | 36.77 | OK | |
r-release-linux-x86_64 | 1.0.1 | 2.47 | 35.02 | 37.49 | OK | |
r-release-macos-arm64 | 1.0.1 | 31.00 | OK | |||
r-release-macos-x86_64 | 1.0.1 | 32.00 | OK | |||
r-release-windows-x86_64 | 1.0.1 | 16.00 | 68.00 | 84.00 | OK | |
r-oldrel-macos-arm64 | 1.0.1 | 30.00 | OK | |||
r-oldrel-macos-x86_64 | 1.0.1 | 29.00 | OK | |||
r-oldrel-windows-ix86+x86_64 | 1.0.1 | 10.00 | 83.00 | 93.00 | OK |
Version: 1.0.1
Check: compiled code
Result: NOTE
File ‘mcclust/libs/mcclust.so’:
Found no calls to: ‘R_registerRoutines’, ‘R_useDynamicSymbols’
It is good practice to register native routines and to disable symbol
search.
See ‘Writing portable packages’ in the ‘Writing R Extensions’ manual.
Flavors: r-devel-linux-x86_64-fedora-clang, r-devel-linux-x86_64-fedora-gcc