CRAN Package Check Results for Package mcmcsae

Last updated on 2021-02-26 00:48:21 CET.

Flavor Version Tinstall Tcheck Ttotal Status Flags
r-devel-linux-x86_64-debian-clang 0.6.0 102.01 269.73 371.74 OK
r-devel-linux-x86_64-debian-gcc 0.6.0 77.08 201.37 278.45 OK
r-devel-linux-x86_64-fedora-clang 0.6.0 476.22 NOTE
r-devel-linux-x86_64-fedora-gcc 0.6.0 463.45 OK
r-devel-windows-ix86+x86_64 0.6.0 153.00 348.00 501.00 OK
r-patched-linux-x86_64 0.6.0 87.91 253.64 341.55 OK
r-patched-solaris-x86 0.6.0 571.00 OK
r-release-linux-x86_64 0.6.0 93.91 258.36 352.27 OK
r-release-macos-x86_64 0.6.0 NOTE
r-release-windows-ix86+x86_64 0.6.0 221.00 441.00 662.00 OK
r-oldrel-macos-x86_64 0.6.0 NOTE
r-oldrel-windows-ix86+x86_64 0.6.0 154.00 409.00 563.00 OK

Check Details

Version: 0.6.0
Check: installed package size
Result: NOTE
     installed size is 14.0Mb
     sub-directories of 1Mb or more:
     libs 12.6Mb
Flavors: r-devel-linux-x86_64-fedora-clang, r-release-macos-x86_64, r-oldrel-macos-x86_64