CRAN Package Check Results for Package mcmcse

Last updated on 2022-11-27 00:55:47 CET.

Flavor Version Tinstall Tcheck Ttotal Status Flags
r-devel-linux-x86_64-debian-clang 1.5-0 144.59 59.95 204.54 OK
r-devel-linux-x86_64-debian-gcc 1.5-0 111.83 44.90 156.73 OK
r-devel-linux-x86_64-fedora-clang 1.5-0 317.22 OK
r-devel-linux-x86_64-fedora-gcc 1.5-0 273.81 OK
r-devel-windows-x86_64 1.5-0 109.00 119.00 228.00 OK
r-patched-linux-x86_64 1.5-0 OK
r-release-linux-x86_64 1.5-0 91.71 55.80 147.51 OK
r-release-macos-arm64 1.5-0 68.00 OK
r-release-macos-x86_64 1.5-0 125.00 OK
r-release-windows-x86_64 1.5-0 103.00 118.00 221.00 OK
r-oldrel-macos-arm64 1.5-0 84.00 NOTE
r-oldrel-macos-x86_64 1.5-0 80.00 OK
r-oldrel-windows-ix86+x86_64 1.5-0 352.00 118.00 470.00 OK

Check Details

Version: 1.5-0
Check: installed package size
Result: NOTE
     installed size is 5.4Mb
     sub-directories of 1Mb or more:
     libs 5.0Mb
Flavor: r-oldrel-macos-arm64