CRAN Package Check Results for Package mdapack

Last updated on 2020-09-25 01:48:48 CEST.

Flavor Version Tinstall Tcheck Ttotal Status Flags
r-devel-linux-x86_64-debian-clang 0.0.2 2.57 32.68 35.25 OK
r-devel-linux-x86_64-debian-gcc 0.0.2 2.11 25.26 27.37 OK
r-devel-linux-x86_64-fedora-clang 0.0.2 54.05 NOTE
r-devel-linux-x86_64-fedora-gcc 0.0.2 43.31 NOTE
r-devel-windows-ix86+x86_64 0.0.2 8.00 58.00 66.00 OK
r-patched-linux-x86_64 0.0.2 2.88 31.21 34.09 OK
r-patched-solaris-x86 0.0.2 64.40 NOTE
r-release-linux-x86_64 0.0.2 2.54 31.44 33.98 OK
r-release-macos-x86_64 0.0.2 NOTE
r-release-windows-ix86+x86_64 0.0.2 9.00 77.00 86.00 OK
r-oldrel-macos-x86_64 0.0.2 NOTE
r-oldrel-windows-ix86+x86_64 0.0.2 4.00 40.00 44.00 OK

Check Details

Version: 0.0.2
Check: dependencies in R code
Result: NOTE
    Namespaces in Imports field not imported from:
     ‘FactoMineR’ ‘covr’ ‘curl’ ‘devtools’ ‘gh’ ‘git2r’ ‘grDevices’ ‘httr’
     ‘knitr’ ‘openssl’ ‘pkgbuild’ ‘rlang’ ‘rmarkdown’ ‘roxygen2’
     ‘spelling’ ‘testthat’ ‘utils’
     All declared Imports should be used.
Flavors: r-devel-linux-x86_64-fedora-clang, r-devel-linux-x86_64-fedora-gcc, r-patched-solaris-x86, r-release-macos-x86_64, r-oldrel-macos-x86_64