CRAN Package Check Results for Package mdmb

Last updated on 2024-06-13 06:58:08 CEST.

Flavor Version Tinstall Tcheck Ttotal Status Flags
r-devel-linux-x86_64-debian-clang 1.8-7 81.73 150.63 232.36 NOTE
r-devel-linux-x86_64-debian-gcc 1.8-7 0.48 1.58 2.06 ERROR
r-devel-linux-x86_64-fedora-clang 1.8-7 326.46 NOTE
r-devel-linux-x86_64-fedora-gcc 1.8-7 328.79 NOTE
r-devel-windows-x86_64 1.8-7 68.00 129.00 197.00 NOTE
r-patched-linux-x86_64 1.8-7 67.16 146.18 213.34 NOTE
r-release-linux-x86_64 1.8-7 73.76 142.18 215.94 NOTE
r-release-macos-arm64 1.8-7 71.00 NOTE
r-release-macos-x86_64 1.8-7 93.00 NOTE
r-release-windows-x86_64 1.8-7 71.00 140.00 211.00 NOTE
r-oldrel-macos-arm64 1.8-7 61.00 OK
r-oldrel-macos-x86_64 1.8-7 101.00 OK
r-oldrel-windows-x86_64 1.8-7 89.00 168.00 257.00 OK

Check Details

Version: 1.8-7
Check: Rd files
Result: NOTE checkRd: (-1) data.mb.Rd:76: Lost braces 76 | level-1 variables code{y}, \code{x} and the level-2 variable \code{w}. | ^ Flavors: r-devel-linux-x86_64-debian-clang, r-devel-linux-x86_64-fedora-clang, r-devel-linux-x86_64-fedora-gcc, r-devel-windows-x86_64, r-patched-linux-x86_64, r-release-linux-x86_64, r-release-macos-arm64, r-release-macos-x86_64, r-release-windows-x86_64

Version: 1.8-7
Check: package dependencies
Result: ERROR Package required but not available: ‘miceadds’ Packages which this enhances but not available for checking: 'JointAI', 'jomo', 'mice' See section ‘The DESCRIPTION file’ in the ‘Writing R Extensions’ manual. Flavor: r-devel-linux-x86_64-debian-gcc