CRAN Package Check Results for Package mdpeer

Last updated on 2024-06-20 07:58:54 CEST.

Flavor Version Tinstall Tcheck Ttotal Status Flags
r-devel-linux-x86_64-debian-clang 1.0.1 8.15 79.19 87.34 NOTE
r-devel-linux-x86_64-debian-gcc 1.0.1 5.66 57.64 63.30 NOTE
r-devel-linux-x86_64-fedora-clang 1.0.1 114.06 NOTE
r-devel-linux-x86_64-fedora-gcc 1.0.1 121.81 NOTE
r-devel-windows-x86_64 1.0.1 7.00 78.00 85.00 NOTE
r-patched-linux-x86_64 1.0.1 3.98 74.51 78.49 NOTE
r-release-linux-x86_64 1.0.1 4.31 75.16 79.47 NOTE
r-release-macos-arm64 1.0.1 43.00 NOTE
r-release-macos-x86_64 1.0.1 77.00 NOTE
r-release-windows-x86_64 1.0.1 7.00 79.00 86.00 NOTE
r-oldrel-macos-arm64 1.0.1 39.00 NOTE
r-oldrel-macos-x86_64 1.0.1 60.00 NOTE
r-oldrel-windows-x86_64 1.0.1 10.00 99.00 109.00 NOTE

Check Details

Version: 1.0.1
Check: LazyData
Result: NOTE 'LazyData' is specified without a 'data' directory Flavors: r-devel-linux-x86_64-debian-clang, r-devel-linux-x86_64-debian-gcc, r-devel-linux-x86_64-fedora-clang, r-devel-linux-x86_64-fedora-gcc, r-devel-windows-x86_64, r-patched-linux-x86_64, r-release-linux-x86_64, r-release-macos-arm64, r-release-macos-x86_64, r-release-windows-x86_64, r-oldrel-macos-arm64, r-oldrel-macos-x86_64, r-oldrel-windows-x86_64

Version: 1.0.1
Check: dependencies in R code
Result: NOTE Namespace in Imports field not imported from: ‘glmnet’ All declared Imports should be used. Flavors: r-devel-linux-x86_64-fedora-clang, r-devel-linux-x86_64-fedora-gcc