Last updated on 2023-02-02 00:54:50 CET.
Flavor | Version | Tinstall | Tcheck | Ttotal | Status | Flags |
---|---|---|---|---|---|---|
r-devel-linux-x86_64-debian-clang | 1.2 | 4.58 | 36.94 | 41.52 | NOTE | |
r-devel-linux-x86_64-debian-gcc | 1.2 | 4.15 | 28.70 | 32.85 | NOTE | |
r-devel-linux-x86_64-fedora-clang | 1.2 | 52.88 | NOTE | |||
r-devel-linux-x86_64-fedora-gcc | 1.2 | 52.22 | NOTE | |||
r-patched-linux-x86_64 | 1.2 | 4.24 | 36.91 | 41.15 | OK | |
r-release-linux-x86_64 | 1.2 | 3.59 | 37.01 | 40.60 | OK | |
r-release-macos-arm64 | 1.2 | 21.00 | OK | |||
r-release-macos-x86_64 | 1.2 | 27.00 | OK | |||
r-release-windows-x86_64 | 1.2 | 14.00 | 66.00 | 80.00 | OK | |
r-oldrel-macos-arm64 | 1.2 | 25.00 | OK | |||
r-oldrel-macos-x86_64 | 1.2 | 35.00 | OK | |||
r-oldrel-windows-ix86+x86_64 | 1.2 | 11.00 | 61.00 | 72.00 | OK |
Version: 1.2
Check: Rd files
Result: NOTE
checkRd: (-1) mriTest.Rd:9: Escaped LaTeX specials: \&
checkRd: (-1) riTest.Rd:9: Escaped LaTeX specials: \&
Flavors: r-devel-linux-x86_64-debian-clang, r-devel-linux-x86_64-debian-gcc, r-devel-linux-x86_64-fedora-clang, r-devel-linux-x86_64-fedora-gcc