CRAN Package Check Results for Package mdsr

Last updated on 2020-05-28 01:53:21 CEST.

Flavor Version Tinstall Tcheck Ttotal Status Flags
r-devel-linux-x86_64-debian-clang 0.1.7 18.13 109.31 127.44 NOTE
r-devel-linux-x86_64-debian-gcc 0.1.7 15.87 87.67 103.54 NOTE
r-devel-linux-x86_64-fedora-clang 0.1.7 176.33 NOTE
r-devel-linux-x86_64-fedora-gcc 0.1.7 167.26 NOTE
r-devel-windows-ix86+x86_64 0.1.7 53.00 123.00 176.00 NOTE
r-patched-linux-x86_64 0.1.7 17.03 106.75 123.78 NOTE
r-patched-solaris-x86 0.1.7 261.00 NOTE
r-release-linux-x86_64 0.1.7 17.25 107.44 124.69 NOTE
r-release-osx-x86_64 0.1.7 NOTE
r-release-windows-ix86+x86_64 0.1.7 49.00 183.00 232.00 NOTE
r-oldrel-osx-x86_64 0.1.7 NOTE
r-oldrel-windows-ix86+x86_64 0.1.7 33.00 132.00 165.00 NOTE

Check Details

Version: 0.1.7
Check: package dependencies
Result: NOTE
    Packages suggested but not available for checking: 'etl', 'macleish'
Flavors: r-devel-linux-x86_64-debian-clang, r-devel-linux-x86_64-debian-gcc, r-devel-linux-x86_64-fedora-clang, r-devel-linux-x86_64-fedora-gcc, r-patched-linux-x86_64, r-patched-solaris-x86, r-release-linux-x86_64

Version: 0.1.7
Check: installed package size
Result: NOTE
     installed size is 5.5Mb
     sub-directories of 1Mb or more:
     data 5.4Mb
Flavors: r-devel-linux-x86_64-fedora-clang, r-devel-windows-ix86+x86_64, r-patched-solaris-x86, r-release-osx-x86_64, r-release-windows-ix86+x86_64, r-oldrel-osx-x86_64, r-oldrel-windows-ix86+x86_64

Version: 0.1.7
Check: data for non-ASCII characters
Result: NOTE
     Note: found 2694 marked UTF-8 strings
Flavors: r-devel-linux-x86_64-fedora-clang, r-devel-linux-x86_64-fedora-gcc, r-patched-solaris-x86, r-release-osx-x86_64, r-oldrel-osx-x86_64