CRAN Package Check Results for Package mdsr

Last updated on 2024-02-21 07:52:34 CET.

Flavor Version Tinstall Tcheck Ttotal Status Flags
r-devel-linux-x86_64-debian-clang 0.2.7 NOTE
r-devel-linux-x86_64-debian-gcc 0.2.7 38.09 64.13 102.22 NOTE
r-devel-linux-x86_64-fedora-clang 0.2.7 166.46 NOTE
r-devel-linux-x86_64-fedora-gcc 0.2.7 159.16 NOTE
r-devel-windows-x86_64 0.2.7 37.00 89.00 126.00 OK
r-patched-linux-x86_64 0.2.7 39.41 80.07 119.48 OK
r-release-linux-x86_64 0.2.7 28.69 79.33 108.02 OK
r-release-macos-arm64 0.2.7 61.00 NOTE
r-release-macos-x86_64 0.2.7 97.00 NOTE
r-release-windows-x86_64 0.2.7 52.00 99.00 151.00 OK
r-oldrel-macos-arm64 0.2.7 75.00 NOTE
r-oldrel-windows-x86_64 0.2.7 51.00 105.00 156.00 OK

Check Details

Version: 0.2.7
Check: Rd files
Result: NOTE checkRd: (-1) Elections.Rd:8: Lost braces 8 | An object of class \\code{tbl_df} (inherits from \\code{tbl}, \\code{data.frame}) | ^ checkRd: (-1) Elections.Rd:8: Lost braces 8 | An object of class \\code{tbl_df} (inherits from \\code{tbl}, \\code{data.frame}) | ^ checkRd: (-1) Elections.Rd:8: Lost braces 8 | An object of class \\code{tbl_df} (inherits from \\code{tbl}, \\code{data.frame}) | ^ checkRd: (-1) Violations.Rd:39-45: Lost braces 39 | { | ^ Flavors: r-devel-linux-x86_64-debian-clang, r-devel-linux-x86_64-debian-gcc

Version: 0.2.7
Check: data for non-ASCII characters
Result: NOTE Note: found 2866 marked UTF-8 strings Flavors: r-devel-linux-x86_64-fedora-clang, r-devel-linux-x86_64-fedora-gcc

Version: 0.2.7
Check: installed package size
Result: NOTE installed size is 5.3Mb sub-directories of 1Mb or more: data 5.1Mb Flavors: r-release-macos-arm64, r-release-macos-x86_64, r-oldrel-macos-arm64