CRAN Package Check Results for Package memo

Last updated on 2020-04-01 01:48:56 CEST.

Flavor Version Tinstall Tcheck Ttotal Status Flags
r-devel-linux-x86_64-debian-clang 1.0.1 2.89 22.49 25.38 NOTE
r-devel-linux-x86_64-debian-gcc 1.0.1 2.10 18.16 20.26 NOTE
r-devel-linux-x86_64-fedora-clang 1.0.1 32.18 OK
r-devel-linux-x86_64-fedora-gcc 1.0.1 31.31 OK
r-devel-windows-ix86+x86_64 1.0.1 12.00 40.00 52.00 NOTE
r-devel-windows-ix86+x86_64-gcc8 1.0.1 11.00 43.00 54.00 NOTE
r-patched-linux-x86_64 1.0.1 2.27 22.08 24.35 NOTE
r-patched-solaris-x86 1.0.1 49.40 OK
r-release-linux-x86_64 1.0.1 1.90 20.94 22.84 OK
r-release-windows-ix86+x86_64 1.0.1 14.00 64.00 78.00 OK
r-release-osx-x86_64 1.0.1 OK
r-oldrel-windows-ix86+x86_64 1.0.1 11.00 54.00 65.00 OK
r-oldrel-osx-x86_64 1.0.1 OK

Check Details

Version: 1.0.1
Check: package vignettes
Result: NOTE
    Package vignette with placeholder title 'Vignette Title':
     'README.Rmd'
Flavors: r-devel-linux-x86_64-debian-clang, r-devel-linux-x86_64-debian-gcc, r-devel-windows-ix86+x86_64, r-devel-windows-ix86+x86_64-gcc8, r-patched-linux-x86_64