CRAN Package Check Results for Package messy.cats

Last updated on 2024-06-20 07:58:55 CEST.

Flavor Version Tinstall Tcheck Ttotal Status Flags
r-devel-linux-x86_64-debian-clang 1.0 7.28 52.39 59.67 OK
r-devel-linux-x86_64-debian-gcc 1.0 4.65 41.22 45.87 OK
r-devel-linux-x86_64-fedora-clang 1.0 78.83 NOTE
r-devel-linux-x86_64-fedora-gcc 1.0 87.08 NOTE
r-devel-windows-x86_64 1.0 8.00 62.00 70.00 OK
r-patched-linux-x86_64 1.0 5.20 51.24 56.44 OK
r-release-linux-x86_64 1.0 4.18 53.08 57.26 OK
r-release-macos-arm64 1.0 32.00 OK
r-release-macos-x86_64 1.0 70.00 OK
r-release-windows-x86_64 1.0 7.00 64.00 71.00 OK
r-oldrel-macos-arm64 1.0 33.00 OK
r-oldrel-macos-x86_64 1.0 47.00 OK
r-oldrel-windows-x86_64 1.0 8.00 71.00 79.00 OK

Check Details

Version: 1.0
Check: dependencies in R code
Result: NOTE Namespace in Imports field not imported from: ‘gt’ All declared Imports should be used. Flavors: r-devel-linux-x86_64-fedora-clang, r-devel-linux-x86_64-fedora-gcc