CRAN Package Check Results for Package metR

Last updated on 2021-04-20 01:47:11 CEST.

Flavor Version Tinstall Tcheck Ttotal Status Flags
r-devel-linux-x86_64-debian-clang 0.9.1 16.70 386.61 403.31 OK
r-devel-linux-x86_64-debian-gcc 0.9.1 14.66 268.66 283.32 OK
r-devel-linux-x86_64-fedora-clang 0.9.1 420.90 NOTE
r-devel-linux-x86_64-fedora-gcc 0.9.1 392.25 NOTE
r-devel-windows-ix86+x86_64 0.9.1 27.00 325.00 352.00 OK
r-devel-windows-x86_64-gcc10-UCRT 0.9.1 NOTE
r-patched-linux-x86_64 0.9.1 17.12 323.37 340.49 OK
r-patched-solaris-x86 0.9.1 545.30 NOTE
r-release-linux-x86_64 0.9.1 16.67 330.10 346.77 OK
r-release-macos-x86_64 0.9.1 NOTE
r-release-windows-ix86+x86_64 0.9.1 34.00 415.00 449.00 OK
r-oldrel-macos-x86_64 0.9.1 NOTE
r-oldrel-windows-ix86+x86_64 0.9.1 20.00 466.00 486.00 OK

Additional issues

M1mac noLD

Check Details

Version: 0.9.1
Check: dependencies in R code
Result: NOTE
    Namespace in Imports field not imported from: ‘memoise’
     All declared Imports should be used.
Flavors: r-devel-linux-x86_64-fedora-clang, r-devel-linux-x86_64-fedora-gcc, r-devel-windows-x86_64-gcc10-UCRT, r-patched-solaris-x86, r-release-macos-x86_64, r-oldrel-macos-x86_64