CRAN Package Check Results for Package metScanR

Last updated on 2021-12-08 01:51:49 CET.

Flavor Version Tinstall Tcheck Ttotal Status Flags
r-devel-linux-x86_64-debian-clang 1.2.3 4.73 60.53 65.26 OK
r-devel-linux-x86_64-debian-gcc 1.2.3 3.96 47.49 51.45 OK
r-devel-linux-x86_64-fedora-clang 1.2.3 82.19 NOTE
r-devel-linux-x86_64-fedora-gcc 1.2.3 69.25 NOTE
r-devel-windows-x86_64-new-UL 1.2.3 14.00 98.00 112.00 OK
r-devel-windows-x86_64-new-TK 1.2.3 NOTE
r-devel-windows-x86_64-old 1.2.3 10.00 61.00 71.00 OK
r-patched-linux-x86_64 1.2.3 5.60 58.36 63.96 OK
r-release-linux-x86_64 1.2.3 5.40 57.23 62.63 OK
r-release-macos-arm64 1.2.3 NOTE
r-release-macos-x86_64 1.2.3 NOTE
r-release-windows-ix86+x86_64 1.2.3 13.00 83.00 96.00 OK
r-oldrel-macos-x86_64 1.2.3 NOTE
r-oldrel-windows-ix86+x86_64 1.2.3 13.00 80.00 93.00 OK

Check Details

Version: 1.2.3
Check: dependencies in R code
Result: NOTE
    Namespace in Imports field not imported from: ‘grDevices’
     All declared Imports should be used.
Flavors: r-devel-linux-x86_64-fedora-clang, r-devel-linux-x86_64-fedora-gcc, r-devel-windows-x86_64-new-TK, r-release-macos-arm64, r-release-macos-x86_64, r-oldrel-macos-x86_64

Version: 1.2.3
Check: data for non-ASCII characters
Result: NOTE
     Note: found 5 marked UTF-8 strings
Flavors: r-devel-linux-x86_64-fedora-clang, r-devel-linux-x86_64-fedora-gcc, r-devel-windows-x86_64-new-TK, r-release-macos-arm64, r-release-macos-x86_64, r-oldrel-macos-x86_64